Last updated on 2025-01-17 21:49:50 CET.
Flavor | Version | Tinstall | Tcheck | Ttotal | Status | Flags |
---|---|---|---|---|---|---|
r-devel-linux-x86_64-debian-clang | 0.2.0 | 4.23 | 40.54 | 44.77 | OK | |
r-devel-linux-x86_64-debian-gcc | 0.2.0 | 3.61 | 31.45 | 35.06 | OK | |
r-devel-linux-x86_64-fedora-clang | 0.2.0 | 78.92 | NOTE | |||
r-devel-linux-x86_64-fedora-gcc | 0.2.0 | 81.55 | NOTE | |||
r-devel-windows-x86_64 | 0.2.0 | 8.00 | 64.00 | 72.00 | OK | |
r-patched-linux-x86_64 | 0.2.0 | 4.98 | 39.02 | 44.00 | OK | |
r-release-linux-x86_64 | 0.2.0 | 4.52 | 38.56 | 43.08 | OK | |
r-release-macos-arm64 | 0.2.0 | 30.00 | OK | |||
r-release-macos-x86_64 | 0.2.0 | 47.00 | OK | |||
r-release-windows-x86_64 | 0.2.0 | 9.00 | 65.00 | 74.00 | OK | |
r-oldrel-macos-arm64 | 0.2.0 | 37.00 | OK | |||
r-oldrel-macos-x86_64 | 0.2.0 | 55.00 | OK | |||
r-oldrel-windows-x86_64 | 0.2.0 | 8.00 | 69.00 | 77.00 | OK |
Version: 0.2.0
Check: dependencies in R code
Result: NOTE
Namespace in Imports field not imported from: ‘sp’
All declared Imports should be used.
Flavors: r-devel-linux-x86_64-fedora-clang, r-devel-linux-x86_64-fedora-gcc