CRAN Package Check Results for Package tilegramsR

Last updated on 2024-03-02 19:50:32 CET.

Flavor Version Tinstall Tcheck Ttotal Status Flags
r-devel-linux-x86_64-debian-clang 0.2.0 4.87 65.07 69.94 OK
r-devel-linux-x86_64-debian-gcc 0.2.0 4.40 49.82 54.22 OK
r-devel-linux-x86_64-fedora-clang 0.2.0 85.97 NOTE
r-devel-linux-x86_64-fedora-gcc 0.2.0 93.97 NOTE
r-devel-windows-x86_64 0.2.0 9.00 71.00 80.00 OK
r-patched-linux-x86_64 0.2.0 5.46 62.56 68.02 OK
r-release-linux-x86_64 0.2.0 5.48 63.32 68.80 OK
r-release-macos-arm64 0.2.0 37.00 OK
r-release-macos-x86_64 0.2.0 55.00 OK
r-release-windows-x86_64 0.2.0 10.00 80.00 90.00 OK
r-oldrel-macos-arm64 0.2.0 26.00 NOTE
r-oldrel-windows-x86_64 0.2.0 11.00 82.00 93.00 OK

Check Details

Version: 0.2.0
Check: dependencies in R code
Result: NOTE Namespace in Imports field not imported from: ‘sp’ All declared Imports should be used. Flavors: r-devel-linux-x86_64-fedora-clang, r-devel-linux-x86_64-fedora-gcc, r-oldrel-macos-arm64

Version: 0.2.0
Check: data for non-ASCII characters
Result: NOTE Note: found 341 marked UTF-8 strings Flavors: r-devel-linux-x86_64-fedora-clang, r-devel-linux-x86_64-fedora-gcc, r-oldrel-macos-arm64