CRAN Package Check Results for Package tiff

Last updated on 2019-09-21 09:50:02 CEST.

Flavor Version Tinstall Tcheck Ttotal Status Flags
r-devel-linux-x86_64-debian-clang 0.1-5 2.74 15.46 18.20 OK
r-devel-linux-x86_64-debian-gcc 0.1-5 2.28 12.93 15.21 OK
r-devel-linux-x86_64-fedora-clang 0.1-5 23.99 NOTE
r-devel-linux-x86_64-fedora-gcc 0.1-5 23.79 NOTE
r-devel-windows-ix86+x86_64 0.1-5 19.00 34.00 53.00 OK
r-patched-linux-x86_64 0.1-5 2.26 15.61 17.87 OK
r-patched-solaris-x86 0.1-5 36.70 OK
r-release-linux-x86_64 0.1-5 2.24 15.75 17.99 OK
r-release-windows-ix86+x86_64 0.1-5 18.00 49.00 67.00 OK
r-release-osx-x86_64 0.1-5 OK
r-oldrel-windows-ix86+x86_64 0.1-5 16.00 32.00 48.00 OK
r-oldrel-osx-x86_64 0.1-5 OK

Additional issues

rchk

Check Details

Version: 0.1-5
Check: compiled code
Result: NOTE
    File ‘tiff/libs/tiff.so’:
     Found no calls to: ‘R_registerRoutines’, ‘R_useDynamicSymbols’
    
    It is good practice to register native routines and to disable symbol
    search.
    
    See ‘Writing portable packages’ in the ‘Writing R Extensions’ manual.
Flavors: r-devel-linux-x86_64-fedora-clang, r-devel-linux-x86_64-fedora-gcc