CRAN Package Check Results for Package tiff

Last updated on 2019-06-19 10:48:13 CEST.

Flavor Version Tinstall Tcheck Ttotal Status Flags
r-devel-linux-x86_64-debian-clang 0.1-5 2.84 15.99 18.83 OK
r-devel-linux-x86_64-debian-gcc 0.1-5 1.91 13.18 15.09 OK
r-devel-linux-x86_64-fedora-clang 0.1-5 23.35 NOTE
r-devel-linux-x86_64-fedora-gcc 0.1-5 21.91 NOTE
r-devel-windows-ix86+x86_64 0.1-5 14.00 36.00 50.00 OK
r-patched-linux-x86_64 0.1-5 2.51 16.06 18.57 OK
r-patched-solaris-x86 0.1-5 37.60 OK
r-release-linux-x86_64 0.1-5 2.39 16.12 18.51 OK
r-release-windows-ix86+x86_64 0.1-5 18.00 49.00 67.00 OK
r-release-osx-x86_64 0.1-5 OK
r-oldrel-windows-ix86+x86_64 0.1-5 16.00 32.00 48.00 OK
r-oldrel-osx-x86_64 0.1-5 OK

Additional issues

rchk

Check Details

Version: 0.1-5
Check: compiled code
Result: NOTE
    File ‘tiff/libs/tiff.so’:
     Found no calls to: ‘R_registerRoutines’, ‘R_useDynamicSymbols’
    
    It is good practice to register native routines and to disable symbol
    search.
    
    See ‘Writing portable packages’ in the ‘Writing R Extensions’ manual.
Flavors: r-devel-linux-x86_64-fedora-clang, r-devel-linux-x86_64-fedora-gcc