Last updated on 2023-02-08 19:58:18 CET.
Flavor | Version | Tinstall | Tcheck | Ttotal | Status | Flags |
---|---|---|---|---|---|---|
r-devel-linux-x86_64-debian-clang | 1.0.8 | 190.04 | 61.35 | 251.39 | NOTE | |
r-devel-linux-x86_64-debian-gcc | 1.0.8 | 136.32 | 45.14 | 181.46 | NOTE | |
r-devel-linux-x86_64-fedora-clang | 1.0.8 | 366.75 | NOTE | |||
r-devel-linux-x86_64-fedora-gcc | 1.0.8 | 365.10 | NOTE | |||
r-devel-windows-x86_64 | 1.0.8 | 179.00 | 126.00 | 305.00 | NOTE | |
r-patched-linux-x86_64 | 1.0.8 | 151.77 | 57.86 | 209.63 | OK | |
r-release-linux-x86_64 | 1.0.8 | 148.03 | 56.56 | 204.59 | OK | |
r-release-macos-arm64 | 1.0.8 | 83.00 | NOTE | |||
r-release-macos-x86_64 | 1.0.8 | 110.00 | NOTE | |||
r-release-windows-x86_64 | 1.0.8 | 176.00 | 122.00 | 298.00 | OK | |
r-oldrel-macos-arm64 | 1.0.8 | 81.00 | NOTE | |||
r-oldrel-macos-x86_64 | 1.0.8 | 123.00 | NOTE | |||
r-oldrel-windows-ix86+x86_64 | 1.0.8 | 436.00 | 129.00 | 565.00 | OK |
Version: 1.0.8
Check: C++ specification
Result: NOTE
Specified C++11: please update to current default of C++17
Flavors: r-devel-linux-x86_64-debian-clang, r-devel-windows-x86_64
Version: 1.0.8
Check: C++ specification
Result: NOTE
Specified C++11: please drop specification unless essential
Flavors: r-devel-linux-x86_64-debian-gcc, r-devel-linux-x86_64-fedora-clang, r-devel-linux-x86_64-fedora-gcc
Version: 1.0.8
Check: installed package size
Result: NOTE
installed size is 9.8Mb
sub-directories of 1Mb or more:
libs 8.8Mb
Flavors: r-release-macos-arm64, r-release-macos-x86_64, r-oldrel-macos-arm64, r-oldrel-macos-x86_64