Last updated on 2023-02-07 09:57:59 CET.
Flavor | Version | Tinstall | Tcheck | Ttotal | Status | Flags |
---|---|---|---|---|---|---|
r-devel-linux-x86_64-debian-clang | 0.5.3 | 25.24 | 248.45 | 273.69 | OK | |
r-devel-linux-x86_64-debian-gcc | 0.5.3 | 17.83 | 187.02 | 204.85 | OK | |
r-devel-linux-x86_64-fedora-clang | 0.5.3 | 347.19 | OK | |||
r-devel-linux-x86_64-fedora-gcc | 0.5.3 | 358.24 | OK | |||
r-devel-windows-x86_64 | 0.5.3 | 85.00 | 297.00 | 382.00 | OK | |
r-patched-linux-x86_64 | 0.5.3 | 19.72 | 241.49 | 261.21 | OK | |
r-release-linux-x86_64 | 0.5.3 | 21.31 | 257.30 | 278.61 | OK | |
r-release-macos-arm64 | 0.5.3 | 99.00 | NOTE | |||
r-release-macos-x86_64 | 0.5.3 | 120.00 | NOTE | |||
r-release-windows-x86_64 | 0.5.3 | 85.00 | 302.00 | 387.00 | OK | |
r-oldrel-macos-arm64 | 0.5.3 | 88.00 | NOTE | |||
r-oldrel-macos-x86_64 | 0.5.3 | 120.00 | NOTE | |||
r-oldrel-windows-ix86+x86_64 | 0.5.3 | 60.00 | 273.00 | 333.00 | OK |
Version: 0.5.3
Check: package dependencies
Result: NOTE
Package suggested but not available for checking: ‘SingleR’
Flavors: r-release-macos-arm64, r-release-macos-x86_64, r-oldrel-macos-arm64, r-oldrel-macos-x86_64