CRAN Package Check Results for Package tidyrules

Last updated on 2019-08-25 10:46:32 CEST.

Flavor Version Tinstall Tcheck Ttotal Status Flags
r-devel-linux-x86_64-debian-clang 0.1.0 4.57 69.06 73.63 NOTE
r-devel-linux-x86_64-debian-gcc 0.1.0 4.80 55.75 60.55 NOTE
r-devel-linux-x86_64-fedora-clang 0.1.0 91.90 OK
r-devel-linux-x86_64-fedora-gcc 0.1.0 94.45 OK
r-devel-windows-ix86+x86_64 0.1.0 12.00 85.00 97.00 NOTE
r-patched-linux-x86_64 0.1.0 5.16 69.24 74.40 OK
r-patched-solaris-x86 0.1.0 132.90 OK
r-release-linux-x86_64 0.1.0 5.03 68.60 73.63 OK
r-release-windows-ix86+x86_64 0.1.0 16.00 114.00 130.00 OK
r-release-osx-x86_64 0.1.0 OK
r-oldrel-osx-x86_64 0.1.0 ERROR

Check Details

Version: 0.1.0
Check: package vignettes
Result: NOTE
    Package vignette with placeholder title 'Vignette Title':
     'tidyrules_vignette.Rmd'
Flavors: r-devel-linux-x86_64-debian-clang, r-devel-linux-x86_64-debian-gcc, r-devel-windows-ix86+x86_64

Version: 0.1.0
Check: whether package can be installed
Result: ERROR
    Installation failed.
Flavor: r-oldrel-osx-x86_64