CRAN Package Check Results for Package tidyrules

Last updated on 2020-01-23 09:52:25 CET.

Flavor Version Tinstall Tcheck Ttotal Status Flags
r-devel-linux-x86_64-debian-clang 0.1.0 6.16 75.21 81.37 NOTE
r-devel-linux-x86_64-debian-gcc 0.1.0 5.13 58.53 63.66 NOTE
r-devel-linux-x86_64-fedora-clang 0.1.0 98.13 OK
r-devel-linux-x86_64-fedora-gcc 0.1.0 96.75 OK
r-devel-windows-ix86+x86_64 0.1.0 12.00 113.00 125.00 NOTE
r-devel-windows-ix86+x86_64-gcc8 0.1.0 21.00 86.00 107.00 NOTE
r-patched-linux-x86_64 0.1.0 5.05 69.86 74.91 OK
r-patched-solaris-x86 0.1.0 144.00 OK
r-release-linux-x86_64 0.1.0 5.80 68.93 74.73 OK
r-release-windows-ix86+x86_64 0.1.0 10.00 124.00 134.00 OK
r-release-osx-x86_64 0.1.0 OK
r-oldrel-osx-x86_64 0.1.0 ERROR

Additional issues

noSuggests

Check Details

Version: 0.1.0
Check: package vignettes
Result: NOTE
    Package vignette with placeholder title 'Vignette Title':
     'tidyrules_vignette.Rmd'
Flavors: r-devel-linux-x86_64-debian-clang, r-devel-linux-x86_64-debian-gcc, r-devel-windows-ix86+x86_64, r-devel-windows-ix86+x86_64-gcc8

Version: 0.1.0
Check: whether package can be installed
Result: ERROR
    Installation failed.
Flavor: r-oldrel-osx-x86_64