CRAN Package Check Results for Package tidyr

Last updated on 2022-12-08 19:49:49 CET.

Flavor Version Tinstall Tcheck Ttotal Status Flags
r-devel-linux-x86_64-debian-clang 1.2.1 17.43 198.14 215.57 OK
r-devel-linux-x86_64-debian-gcc 1.2.1 13.89 152.36 166.25 OK
r-devel-linux-x86_64-fedora-clang 1.2.1 267.49 NOTE
r-devel-linux-x86_64-fedora-gcc 1.2.1 271.15 NOTE
r-devel-windows-x86_64 1.2.1 68.00 274.00 342.00 OK
r-patched-linux-x86_64 1.2.1 16.45 181.83 198.28 OK
r-release-linux-x86_64 1.2.1 16.61 169.83 186.44 OK
r-release-macos-arm64 1.2.1 58.00 NOTE
r-release-macos-x86_64 1.2.1 77.00 NOTE
r-release-windows-x86_64 1.2.1 67.00 231.00 298.00 OK
r-oldrel-macos-arm64 1.2.1 60.00 NOTE
r-oldrel-macos-x86_64 1.2.1 84.00 NOTE
r-oldrel-windows-ix86+x86_64 1.2.1 44.00 334.00 378.00 OK

Check Details

Version: 1.2.1
Check: data for non-ASCII characters
Result: NOTE
     Note: found 24 marked UTF-8 strings
Flavors: r-devel-linux-x86_64-fedora-clang, r-devel-linux-x86_64-fedora-gcc, r-release-macos-arm64, r-release-macos-x86_64, r-oldrel-macos-arm64, r-oldrel-macos-x86_64