CRAN Package Check Results for Package tidyndr

Last updated on 2021-09-20 20:49:13 CEST.

Flavor Version Tinstall Tcheck Ttotal Status Flags
r-devel-linux-x86_64-debian-clang 0.1.0 5.80 103.51 109.31 OK
r-devel-linux-x86_64-debian-gcc 0.1.0 3.76 69.11 72.87 OK
r-devel-linux-x86_64-fedora-clang 0.1.0 93.45 OK
r-devel-linux-x86_64-fedora-gcc 0.1.0 89.77 OK
r-devel-windows-x86_64 0.1.0 7.00 70.00 77.00 OK
r-devel-windows-x86_64-gcc10-UCRT 0.1.0 ERROR
r-patched-linux-x86_64 0.1.0 5.50 95.57 101.07 OK
r-patched-solaris-x86 0.1.0 120.90 OK
r-release-linux-x86_64 0.1.0 4.23 99.33 103.56 OK
r-release-macos-arm64 0.1.0 OK
r-release-macos-x86_64 0.1.0 OK
r-release-windows-ix86+x86_64 0.1.0 10.00 65.00 75.00 OK
r-oldrel-macos-x86_64 0.1.0 OK
r-oldrel-windows-ix86+x86_64 0.1.0 14.00 69.00 83.00 OK

Check Details

Version: 0.1.0
Check: whether package can be installed
Result: WARN
    Found the following significant warnings:
     WARNING: installation-time patches will not be applied, could not get the patches index
Flavor: r-devel-windows-x86_64-gcc10-UCRT

Version: 0.1.0
Check: PDF version of manual
Result: WARN
    LaTeX errors when creating PDF version.
    This typically indicates Rd problems.
Flavor: r-devel-windows-x86_64-gcc10-UCRT

Version: 0.1.0
Check: PDF version of manual without hyperrefs or index
Result: ERROR
    Re-running with no redirection of stdout/stderr.
Flavor: r-devel-windows-x86_64-gcc10-UCRT