CRAN Package Check Results for Package tidymodels

Last updated on 2022-01-22 07:53:00 CET.

Flavor Version Tinstall Tcheck Ttotal Status Flags
r-devel-linux-x86_64-debian-clang 0.1.4 15.38 151.88 167.26 OK
r-devel-linux-x86_64-debian-gcc 0.1.4 13.12 116.64 129.76 OK
r-devel-linux-x86_64-fedora-clang 0.1.4 204.84 NOTE
r-devel-linux-x86_64-fedora-gcc 0.1.4 187.96 NOTE
r-devel-windows-x86_64-new-UL 0.1.4 58.00 167.00 225.00 OK
r-devel-windows-x86_64-new-TK 0.1.4 NOTE
r-patched-linux-x86_64 0.1.4 13.67 144.83 158.50 OK
r-release-linux-x86_64 0.1.4 10.54 144.19 154.73 OK
r-release-macos-arm64 0.1.4 NOTE
r-release-macos-x86_64 0.1.4 NOTE
r-release-windows-ix86+x86_64 0.1.4 37.00 169.00 206.00 OK
r-oldrel-macos-x86_64 0.1.4 NOTE
r-oldrel-windows-ix86+x86_64 0.1.4 37.00 171.00 208.00 OK

Check Details

Version: 0.1.4
Check: package dependencies
Result: NOTE
    Imports includes 21 non-default packages.
    Importing from so many packages makes the package vulnerable to any of
    them becoming unavailable. Move as many as possible to Suggests and
    use conditionally.
Flavor: r-devel-linux-x86_64-fedora-clang

Version: 0.1.4
Check: dependencies in R code
Result: NOTE
    Namespaces in Imports field not imported from:
     ‘hardhat’ ‘modeldata’
     All declared Imports should be used.
Flavors: r-devel-linux-x86_64-fedora-clang, r-devel-linux-x86_64-fedora-gcc, r-devel-windows-x86_64-new-TK, r-release-macos-arm64, r-release-macos-x86_64, r-oldrel-macos-x86_64