Last updated on 2023-09-21 20:54:59 CEST.
Flavor | Version | Tinstall | Tcheck | Ttotal | Status | Flags |
---|---|---|---|---|---|---|
r-devel-linux-x86_64-debian-clang | 1.7.7 | 6.00 | 133.17 | 139.17 | OK | |
r-devel-linux-x86_64-debian-gcc | 1.7.7 | 4.69 | 93.51 | 98.20 | OK | |
r-devel-linux-x86_64-fedora-clang | 1.7.7 | 164.02 | NOTE | |||
r-devel-linux-x86_64-fedora-gcc | 1.7.7 | 161.94 | OK | |||
r-devel-windows-x86_64 | 1.7.7 | 8.00 | 121.00 | 129.00 | OK | |
r-patched-linux-x86_64 | 1.7.7 | 10.45 | 119.82 | 130.27 | OK | |
r-release-linux-x86_64 | 1.7.7 | 6.79 | 120.30 | 127.09 | OK | |
r-release-macos-arm64 | 1.7.7 | 57.00 | OK | |||
r-release-macos-x86_64 | 1.7.7 | 126.00 | OK | |||
r-release-windows-x86_64 | 1.7.7 | 9.00 | 140.00 | 149.00 | OK | |
r-oldrel-macos-arm64 | 1.7.7 | 49.00 | OK | |||
r-oldrel-macos-x86_64 | 1.7.7 | 66.00 | OK | |||
r-oldrel-windows-x86_64 | 1.7.7 | 9.00 | 130.00 | 139.00 | OK |
Version: 1.7.7
Check: Rd cross-references
Result: NOTE
Undeclared packages ‘fastDummies’, ‘widyr’, ‘pacman’, ‘sjmisc’ in Rd xrefs
Flavor: r-devel-linux-x86_64-fedora-clang