Last updated on 2023-10-03 09:08:32 CEST.
Flavor | Version | Tinstall | Tcheck | Ttotal | Status | Flags |
---|---|---|---|---|---|---|
r-devel-linux-x86_64-debian-clang | 1.5 | 15.18 | 105.02 | 120.20 | OK | |
r-devel-linux-x86_64-debian-gcc | 1.5 | 10.77 | 76.10 | 86.87 | OK | |
r-devel-linux-x86_64-fedora-clang | 1.5 | 154.74 | NOTE | |||
r-devel-linux-x86_64-fedora-gcc | 1.5 | 137.46 | NOTE | |||
r-devel-windows-x86_64 | 1.5 | 14.00 | 89.00 | 103.00 | OK | |
r-patched-linux-x86_64 | 1.4.4 | 13.18 | 99.68 | 112.86 | OK | |
r-release-linux-x86_64 | 1.5 | 13.70 | 97.15 | 110.85 | OK | |
r-release-macos-arm64 | 1.5 | 43.00 | OK | |||
r-release-macos-x86_64 | 1.5 | 160.00 | OK | |||
r-release-windows-x86_64 | 1.5 | 21.00 | 148.00 | 169.00 | OK | |
r-oldrel-macos-arm64 | 1.5 | 46.00 | OK | |||
r-oldrel-macos-x86_64 | 1.5 | 124.00 | OK | |||
r-oldrel-windows-x86_64 | 1.5 | 20.00 | 104.00 | 124.00 | OK |
Version: 1.5
Check: data for non-ASCII characters
Result: NOTE
Note: found 2 marked UTF-8 strings
Flavors: r-devel-linux-x86_64-fedora-clang, r-devel-linux-x86_64-fedora-gcc