CRAN Package Check Results for Package tidyCDISC

Last updated on 2023-02-04 12:57:32 CET.

Flavor Version Tinstall Tcheck Ttotal Status Flags
r-devel-linux-x86_64-debian-clang 0.1.0 44.00 225.34 269.34 ERROR
r-devel-linux-x86_64-debian-gcc 0.1.0 33.15 165.79 198.94 ERROR
r-devel-linux-x86_64-fedora-clang 0.2.0 319.95 NOTE
r-devel-linux-x86_64-fedora-gcc 0.1.0 301.95 ERROR
r-devel-windows-x86_64 0.2.0 72.00 198.00 270.00 OK
r-patched-linux-x86_64 0.1.0 37.97 213.80 251.77 ERROR
r-release-linux-x86_64 0.1.0 31.65 213.16 244.81 ERROR
r-release-macos-arm64 0.2.0 66.00 OK
r-release-macos-x86_64 0.1.0 122.00 OK
r-release-windows-x86_64 0.1.0 123.00 268.00 391.00 OK
r-oldrel-macos-arm64 0.2.0 73.00 OK
r-oldrel-macos-x86_64 0.1.0 119.00 OK
r-oldrel-windows-ix86+x86_64 0.1.0 81.00 259.00 340.00 ERROR

Check Details

Version: 0.1.0
Check: tests
Result: ERROR
     Running ‘spelling.R’ [0s/1s]
     Running ‘testthat.R’ [23s/25s]
    Running the tests in ‘tests/testthat.R’ failed.
    Complete output:
     > library(testthat)
     > library(tidyCDISC)
     > library(shinyjs)
    
     Attaching package: 'shinyjs'
    
     The following objects are masked from 'package:methods':
    
     removeClass, show
    
     >
     > test_check("tidyCDISC")
     [ FAIL 1 | WARN 13 | SKIP 15 | PASS 97 ]
    
     ══ Skipped tests ═══════════════════════════════════════════════════════════════
     • empty test (15)
    
     ══ Failed tests ════════════════════════════════════════════════════════════════
     ── Failure ('test-mod_indvExp_fct_buildEvents.R:60'): build_events fun ─────────
     colnames(...) not equal to c("START", "DECODE", "EVENTTYP", "DOMAIN", "END", "tab_st", "tab_en").
     7/7 mismatches
     x[1]: "EVENTTYP"
     y[1]: "START"
    
     x[2]: "START"
     y[2]: "DECODE"
    
     x[3]: "END"
     y[3]: "EVENTTYP"
    
     x[4]: "tab_st"
     y[4]: "DOMAIN"
    
     x[5]: "tab_en"
     y[5]: "END"
    
     [ FAIL 1 | WARN 13 | SKIP 15 | PASS 97 ]
     Error: Test failures
     Execution halted
Flavor: r-devel-linux-x86_64-debian-clang

Version: 0.1.0
Check: tests
Result: ERROR
     Running ‘spelling.R’ [0s/1s]
     Running ‘testthat.R’ [15s/24s]
    Running the tests in ‘tests/testthat.R’ failed.
    Complete output:
     > library(testthat)
     > library(tidyCDISC)
     > library(shinyjs)
    
     Attaching package: 'shinyjs'
    
     The following objects are masked from 'package:methods':
    
     removeClass, show
    
     >
     > test_check("tidyCDISC")
     [ FAIL 1 | WARN 13 | SKIP 15 | PASS 97 ]
    
     ══ Skipped tests ═══════════════════════════════════════════════════════════════
     • empty test (15)
    
     ══ Failed tests ════════════════════════════════════════════════════════════════
     ── Failure ('test-mod_indvExp_fct_buildEvents.R:60'): build_events fun ─────────
     colnames(...) not equal to c("START", "DECODE", "EVENTTYP", "DOMAIN", "END", "tab_st", "tab_en").
     7/7 mismatches
     x[1]: "EVENTTYP"
     y[1]: "START"
    
     x[2]: "START"
     y[2]: "DECODE"
    
     x[3]: "END"
     y[3]: "EVENTTYP"
    
     x[4]: "tab_st"
     y[4]: "DOMAIN"
    
     x[5]: "tab_en"
     y[5]: "END"
    
     [ FAIL 1 | WARN 13 | SKIP 15 | PASS 97 ]
     Error: Test failures
     Execution halted
Flavor: r-devel-linux-x86_64-debian-gcc

Version: 0.2.0
Check: package dependencies
Result: NOTE
    Imports includes 25 non-default packages.
    Importing from so many packages makes the package vulnerable to any of
    them becoming unavailable. Move as many as possible to Suggests and
    use conditionally.
Flavor: r-devel-linux-x86_64-fedora-clang

Version: 0.1.0
Check: tests
Result: ERROR
     Running ‘spelling.R’
     Running ‘testthat.R’ [19s/19s]
    Running the tests in ‘tests/testthat.R’ failed.
    Complete output:
     > library(testthat)
     > library(tidyCDISC)
     > library(shinyjs)
    
     Attaching package: 'shinyjs'
    
     The following objects are masked from 'package:methods':
    
     removeClass, show
    
     >
     > test_check("tidyCDISC")
     [ FAIL 1 | WARN 13 | SKIP 15 | PASS 97 ]
    
     ══ Skipped tests ═══════════════════════════════════════════════════════════════
     • empty test (15)
    
     ══ Failed tests ════════════════════════════════════════════════════════════════
     ── Failure ('test-mod_indvExp_fct_buildEvents.R:60'): build_events fun ─────────
     colnames(...) not equal to c("START", "DECODE", "EVENTTYP", "DOMAIN", "END", "tab_st", "tab_en").
     7/7 mismatches
     x[1]: "EVENTTYP"
     y[1]: "START"
    
     x[2]: "START"
     y[2]: "DECODE"
    
     x[3]: "END"
     y[3]: "EVENTTYP"
    
     x[4]: "tab_st"
     y[4]: "DOMAIN"
    
     x[5]: "tab_en"
     y[5]: "END"
    
     [ FAIL 1 | WARN 13 | SKIP 15 | PASS 97 ]
     Error: Test failures
     Execution halted
Flavor: r-devel-linux-x86_64-fedora-gcc

Version: 0.1.0
Check: tests
Result: ERROR
     Running ‘spelling.R’ [0s/1s]
     Running ‘testthat.R’ [20s/24s]
    Running the tests in ‘tests/testthat.R’ failed.
    Complete output:
     > library(testthat)
     > library(tidyCDISC)
     > library(shinyjs)
    
     Attaching package: 'shinyjs'
    
     The following objects are masked from 'package:methods':
    
     removeClass, show
    
     >
     > test_check("tidyCDISC")
     [ FAIL 1 | WARN 13 | SKIP 15 | PASS 97 ]
    
     ══ Skipped tests ═══════════════════════════════════════════════════════════════
     • empty test (15)
    
     ══ Failed tests ════════════════════════════════════════════════════════════════
     ── Failure ('test-mod_indvExp_fct_buildEvents.R:60'): build_events fun ─────────
     colnames(...) not equal to c("START", "DECODE", "EVENTTYP", "DOMAIN", "END", "tab_st", "tab_en").
     7/7 mismatches
     x[1]: "EVENTTYP"
     y[1]: "START"
    
     x[2]: "START"
     y[2]: "DECODE"
    
     x[3]: "END"
     y[3]: "EVENTTYP"
    
     x[4]: "tab_st"
     y[4]: "DOMAIN"
    
     x[5]: "tab_en"
     y[5]: "END"
    
     [ FAIL 1 | WARN 13 | SKIP 15 | PASS 97 ]
     Error: Test failures
     Execution halted
Flavor: r-patched-linux-x86_64

Version: 0.1.0
Check: tests
Result: ERROR
     Running ‘spelling.R’ [0s/1s]
     Running ‘testthat.R’ [20s/22s]
    Running the tests in ‘tests/testthat.R’ failed.
    Complete output:
     > library(testthat)
     > library(tidyCDISC)
     > library(shinyjs)
    
     Attaching package: 'shinyjs'
    
     The following objects are masked from 'package:methods':
    
     removeClass, show
    
     >
     > test_check("tidyCDISC")
     [ FAIL 1 | WARN 13 | SKIP 15 | PASS 97 ]
    
     ══ Skipped tests ═══════════════════════════════════════════════════════════════
     • empty test (15)
    
     ══ Failed tests ════════════════════════════════════════════════════════════════
     ── Failure ('test-mod_indvExp_fct_buildEvents.R:60'): build_events fun ─────────
     colnames(...) not equal to c("START", "DECODE", "EVENTTYP", "DOMAIN", "END", "tab_st", "tab_en").
     7/7 mismatches
     x[1]: "EVENTTYP"
     y[1]: "START"
    
     x[2]: "START"
     y[2]: "DECODE"
    
     x[3]: "END"
     y[3]: "EVENTTYP"
    
     x[4]: "tab_st"
     y[4]: "DOMAIN"
    
     x[5]: "tab_en"
     y[5]: "END"
    
     [ FAIL 1 | WARN 13 | SKIP 15 | PASS 97 ]
     Error: Test failures
     Execution halted
Flavor: r-release-linux-x86_64

Version: 0.1.0
Check: tests
Result: ERROR
     Running 'spelling.R' [0s]
     Running 'testthat.R' [24s]
    Running the tests in 'tests/testthat.R' failed.
    Complete output:
     > library(testthat)
     > library(tidyCDISC)
     > library(shinyjs)
    
     Attaching package: 'shinyjs'
    
     The following objects are masked from 'package:methods':
    
     removeClass, show
    
     >
     > test_check("tidyCDISC")
     [ FAIL 1 | WARN 13 | SKIP 15 | PASS 97 ]
    
     == Skipped tests ===============================================================
     * empty test (15)
    
     == Failed tests ================================================================
     -- Failure ('test-mod_indvExp_fct_buildEvents.R:60'): build_events fun ---------
     colnames(...) not equal to c("START", "DECODE", "EVENTTYP", "DOMAIN", "END", "tab_st", "tab_en").
     7/7 mismatches
     x[1]: "EVENTTYP"
     y[1]: "START"
    
     x[2]: "START"
     y[2]: "DECODE"
    
     x[3]: "END"
     y[3]: "EVENTTYP"
    
     x[4]: "tab_st"
     y[4]: "DOMAIN"
    
     x[5]: "tab_en"
     y[5]: "END"
    
     [ FAIL 1 | WARN 13 | SKIP 15 | PASS 97 ]
     Error: Test failures
     Execution halted
Flavor: r-oldrel-windows-ix86+x86_64