Last updated on 2023-02-03 19:52:22 CET.
Flavor | Version | Tinstall | Tcheck | Ttotal | Status | Flags |
---|---|---|---|---|---|---|
r-devel-linux-x86_64-debian-clang | 0.2.2 | 3.33 | 38.55 | 41.88 | NOTE | |
r-devel-linux-x86_64-debian-gcc | 0.2.2 | 2.17 | 29.27 | 31.44 | NOTE | |
r-devel-linux-x86_64-fedora-clang | 0.2.2 | 51.69 | NOTE | |||
r-devel-linux-x86_64-fedora-gcc | 0.2.2 | 49.56 | NOTE | |||
r-patched-linux-x86_64 | 0.2.2 | 3.41 | 37.83 | 41.24 | NOTE | |
r-release-linux-x86_64 | 0.2.2 | 3.20 | 37.26 | 40.46 | NOTE | |
r-release-macos-arm64 | 0.2.2 | 18.00 | NOTE | |||
r-release-macos-x86_64 | 0.2.2 | 27.00 | NOTE | |||
r-release-windows-x86_64 | 0.2.2 | 25.00 | 69.00 | 94.00 | NOTE | |
r-oldrel-macos-arm64 | 0.2.2 | 22.00 | NOTE | |||
r-oldrel-macos-x86_64 | 0.2.2 | 33.00 | NOTE | |||
r-oldrel-windows-ix86+x86_64 | 0.2.2 | 8.00 | 62.00 | 70.00 | NOTE |
Version: 0.2.2
Check: LazyData
Result: NOTE
'LazyData' is specified without a 'data' directory
Flavors: r-devel-linux-x86_64-debian-clang, r-devel-linux-x86_64-debian-gcc, r-devel-linux-x86_64-fedora-clang, r-devel-linux-x86_64-fedora-gcc, r-patched-linux-x86_64, r-release-linux-x86_64, r-release-macos-arm64, r-release-macos-x86_64, r-release-windows-x86_64, r-oldrel-macos-arm64, r-oldrel-macos-x86_64, r-oldrel-windows-ix86+x86_64