CRAN Package Check Results for Package tibble

Last updated on 2019-07-15 10:48:01 CEST.

Flavor Version Tinstall Tcheck Ttotal Status Flags
r-devel-linux-x86_64-debian-clang 2.1.3 5.89 54.67 60.56 OK
r-devel-linux-x86_64-debian-gcc 2.1.3 4.34 44.52 48.86 OK
r-devel-linux-x86_64-fedora-clang 2.1.3 73.65 OK
r-devel-linux-x86_64-fedora-gcc 2.1.3 70.11 OK
r-devel-windows-ix86+x86_64 2.1.3 2.00 6.00 8.00 ERROR
r-patched-linux-x86_64 2.1.3 5.28 54.83 60.11 OK
r-patched-solaris-x86 2.1.3 116.70 OK
r-release-linux-x86_64 2.1.3 5.27 55.21 60.48 OK
r-release-windows-ix86+x86_64 2.1.3 13.00 122.00 135.00 OK
r-release-osx-x86_64 2.1.3 OK
r-oldrel-windows-ix86+x86_64 2.1.3 16.00 111.00 127.00 OK
r-oldrel-osx-x86_64 2.1.3 OK

Check Details

Version: 2.1.3
Check: whether package can be installed
Result: ERROR
    Installation failed.
Flavor: r-devel-windows-ix86+x86_64