CRAN Package Check Results for Package threeBrain

Last updated on 2021-09-20 20:49:12 CEST.

Flavor Version Tinstall Tcheck Ttotal Status Flags
r-devel-linux-x86_64-debian-clang 0.2.1 21.99 53.98 75.97 OK
r-devel-linux-x86_64-debian-gcc 0.2.1 16.39 41.11 57.50 OK
r-devel-linux-x86_64-fedora-clang 0.2.1 97.86 OK
r-devel-linux-x86_64-fedora-gcc 0.2.1 88.73 OK
r-devel-windows-x86_64 0.2.1 25.00 56.00 81.00 OK
r-devel-windows-x86_64-gcc10-UCRT 0.2.1 ERROR
r-patched-linux-x86_64 0.2.1 19.99 52.25 72.24 OK
r-patched-solaris-x86 0.2.1 121.80 OK
r-release-linux-x86_64 0.2.1 19.06 52.01 71.07 OK
r-release-macos-arm64 0.2.1 OK
r-release-macos-x86_64 0.2.1 OK
r-release-windows-ix86+x86_64 0.2.1 35.00 55.00 90.00 OK
r-oldrel-macos-x86_64 0.2.1 OK
r-oldrel-windows-ix86+x86_64 0.2.1 35.00 58.00 93.00 OK

Check Details

Version: 0.2.1
Check: whether package can be installed
Result: WARN
    Found the following significant warnings:
     WARNING: installation-time patches will not be applied, could not get the patches index
Flavor: r-devel-windows-x86_64-gcc10-UCRT

Version: 0.2.1
Check: PDF version of manual
Result: WARN
    LaTeX errors when creating PDF version.
    This typically indicates Rd problems.
Flavor: r-devel-windows-x86_64-gcc10-UCRT

Version: 0.2.1
Check: PDF version of manual without hyperrefs or index
Result: ERROR
    Re-running with no redirection of stdout/stderr.
Flavor: r-devel-windows-x86_64-gcc10-UCRT