CRAN Package Check Results for Package thor

Last updated on 2021-10-16 20:51:01 CEST.

Flavor Version Tinstall Tcheck Ttotal Status Flags
r-devel-linux-x86_64-debian-clang 1.1.2 10.11 36.09 46.20 NOTE
r-devel-linux-x86_64-debian-gcc 1.1.2 8.36 28.44 36.80 NOTE
r-devel-linux-x86_64-fedora-clang 1.1.2 67.05 NOTE
r-devel-linux-x86_64-fedora-gcc 1.1.2 56.08 NOTE
r-devel-windows-x86_64 1.1.2 17.00 49.00 66.00 NOTE
r-devel-windows-x86_64-gcc10-UCRT 1.1.2 NOTE
r-patched-linux-x86_64 1.1.2 10.39 34.43 44.82 NOTE
r-patched-solaris-x86 1.1.2 81.60 NOTE
r-release-linux-x86_64 1.1.2 10.13 34.58 44.71 NOTE
r-release-macos-arm64 1.1.2 NOTE
r-release-macos-x86_64 1.1.2 NOTE
r-release-windows-ix86+x86_64 1.1.2 31.00 74.00 105.00 NOTE
r-oldrel-macos-x86_64 1.1.2 OK
r-oldrel-windows-ix86+x86_64 1.1.2 32.00 74.00 106.00 OK

Check Details

Version: 1.1.2
Check: LazyData
Result: NOTE
     'LazyData' is specified without a 'data' directory
Flavors: r-devel-linux-x86_64-debian-clang, r-devel-linux-x86_64-debian-gcc, r-devel-linux-x86_64-fedora-clang, r-devel-linux-x86_64-fedora-gcc, r-devel-windows-x86_64, r-devel-windows-x86_64-gcc10-UCRT, r-patched-linux-x86_64, r-patched-solaris-x86, r-release-linux-x86_64, r-release-macos-arm64, r-release-macos-x86_64, r-release-windows-ix86+x86_64