CRAN Package Check Results for Package thewitcher

Last updated on 2022-09-30 20:52:15 CEST.

Flavor Version Tinstall Tcheck Ttotal Status Flags
r-devel-linux-x86_64-debian-clang 1.0.1 12.81 56.15 68.96 OK
r-devel-linux-x86_64-debian-gcc 1.0.1 12.56 42.24 54.80 OK
r-devel-linux-x86_64-fedora-clang 1.0.1 107.46 NOTE
r-devel-linux-x86_64-fedora-gcc 1.0.1 95.37 NOTE
r-devel-windows-x86_64 1.0.1 39.00 79.00 118.00 OK
r-patched-linux-x86_64 1.0.1 12.88 52.60 65.48 OK
r-release-linux-x86_64 1.0.1 10.42 52.46 62.88 OK
r-release-macos-arm64 1.0.1 32.00 NOTE
r-release-macos-x86_64 1.0.1 49.00 NOTE
r-release-windows-x86_64 1.0.1 38.00 76.00 114.00 OK
r-oldrel-macos-arm64 1.0.1 32.00 NOTE
r-oldrel-macos-x86_64 1.0.1 40.00 NOTE
r-oldrel-windows-ix86+x86_64 1.0.1 30.00 78.00 108.00 OK

Check Details

Version: 1.0.1
Check: dependencies in R code
Result: NOTE
    Namespaces in Imports field not imported from:
     ‘MASS’ ‘readr’ ‘tidyverse’ ‘usethis’
     All declared Imports should be used.
Flavors: r-devel-linux-x86_64-fedora-clang, r-devel-linux-x86_64-fedora-gcc, r-release-macos-arm64, r-release-macos-x86_64, r-oldrel-macos-arm64, r-oldrel-macos-x86_64