Last updated on 2025-01-19 07:50:15 CET.
Flavor | Version | Tinstall | Tcheck | Ttotal | Status | Flags |
---|---|---|---|---|---|---|
r-devel-linux-x86_64-debian-clang | 0.4.1 | 7.07 | 71.19 | 78.26 | OK | |
r-devel-linux-x86_64-debian-gcc | 0.4.1 | 5.92 | 53.05 | 58.97 | OK | |
r-devel-linux-x86_64-fedora-clang | 0.4.1 | 133.05 | OK | |||
r-devel-linux-x86_64-fedora-gcc | 0.4.1 | 139.47 | OK | |||
r-devel-windows-x86_64 | 0.4.1 | 11.00 | 84.00 | 95.00 | OK | |
r-patched-linux-x86_64 | 0.4.1 | 7.95 | 67.68 | 75.63 | NOTE | |
r-release-linux-x86_64 | 0.4.1 | 6.73 | 66.63 | 73.36 | NOTE | |
r-release-macos-arm64 | 0.4.1 | 45.00 | NOTE | |||
r-release-macos-x86_64 | 0.4.1 | 68.00 | NOTE | |||
r-release-windows-x86_64 | 0.4.1 | 10.00 | 84.00 | 94.00 | NOTE | |
r-oldrel-macos-arm64 | 0.4.1 | 47.00 | NOTE | |||
r-oldrel-macos-x86_64 | 0.4.1 | 76.00 | NOTE | |||
r-oldrel-windows-x86_64 | 0.4.1 | 11.00 | 108.00 | 119.00 | NOTE |
Version: 0.4.1
Check: LazyData
Result: NOTE
'LazyData' is specified without a 'data' directory
Flavors: r-patched-linux-x86_64, r-release-linux-x86_64, r-release-macos-arm64, r-release-macos-x86_64, r-release-windows-x86_64, r-oldrel-macos-arm64, r-oldrel-macos-x86_64, r-oldrel-windows-x86_64