CRAN Package Check Results for Package tfarima

Last updated on 2021-09-16 08:50:50 CEST.

Flavor Version Tinstall Tcheck Ttotal Status Flags
r-devel-linux-x86_64-debian-clang 0.2.1 231.25 65.62 296.87 OK
r-devel-linux-x86_64-debian-gcc 0.2.1 141.89 48.14 190.03 OK
r-devel-linux-x86_64-fedora-clang 0.2.1 413.91 NOTE
r-devel-linux-x86_64-fedora-gcc 0.2.1 360.43 OK
r-devel-windows-x86_64 0.2.1 202.00 99.00 301.00 OK
r-devel-windows-x86_64-gcc10-UCRT 0.2.1 OK
r-patched-linux-x86_64 0.2.1 168.58 61.89 230.47 OK
r-patched-solaris-x86 0.2.1 325.70 OK
r-release-linux-x86_64 0.2.1 176.15 61.93 238.08 OK
r-release-macos-arm64 0.2.1 NOTE
r-release-macos-x86_64 0.2.1 NOTE
r-release-windows-ix86+x86_64 0.2.1 516.00 94.00 610.00 OK
r-oldrel-macos-x86_64 0.2.1 NOTE
r-oldrel-windows-ix86+x86_64 0.2.1 371.00 101.00 472.00 OK

Check Details

Version: 0.2.1
Check: installed package size
Result: NOTE
     installed size is 6.9Mb
     sub-directories of 1Mb or more:
     libs 6.1Mb
Flavors: r-devel-linux-x86_64-fedora-clang, r-release-macos-arm64, r-release-macos-x86_64, r-oldrel-macos-x86_64