CRAN Package Check Results for Package textrecipes

Last updated on 2024-02-28 07:53:57 CET.

Flavor Version Tinstall Tcheck Ttotal Status Flags
r-devel-linux-x86_64-debian-clang 1.0.6 19.82 236.43 256.25 OK
r-devel-linux-x86_64-debian-gcc 1.0.6 19.47 173.30 192.77 OK
r-devel-linux-x86_64-fedora-clang 1.0.6 312.60 NOTE
r-devel-linux-x86_64-fedora-gcc 1.0.6 342.90 NOTE
r-devel-windows-x86_64 1.0.6 21.00 187.00 208.00 OK
r-patched-linux-x86_64 1.0.6 23.69 228.92 252.61 OK
r-release-linux-x86_64 1.0.6 15.12 229.90 245.02 OK
r-release-macos-arm64 1.0.6 242.00 OK
r-release-macos-x86_64 1.0.6 308.00 OK
r-release-windows-x86_64 1.0.6 27.00 236.00 263.00 OK
r-oldrel-macos-arm64 1.0.6 95.00 OK
r-oldrel-windows-x86_64 1.0.6 28.00 234.00 262.00 OK

Check Details

Version: 1.0.6
Check: data for non-ASCII characters
Result: NOTE Note: found 4 marked UTF-8 strings Flavors: r-devel-linux-x86_64-fedora-clang, r-devel-linux-x86_64-fedora-gcc