CRAN Package Check Results for Package textdata

Last updated on 2021-12-01 19:51:52 CET.

Flavor Version Tinstall Tcheck Ttotal Status Flags
r-devel-linux-x86_64-debian-clang 0.4.1 5.01 41.38 46.39 NOTE
r-devel-linux-x86_64-debian-gcc 0.4.1 3.98 31.45 35.43 NOTE
r-devel-linux-x86_64-fedora-clang 0.4.1 72.06 NOTE
r-devel-linux-x86_64-fedora-gcc 0.4.1 57.28 NOTE
r-devel-windows-x86_64-new-UL 0.4.1 13.00 84.00 97.00 NOTE
r-devel-windows-x86_64-new-TK 0.4.1 NOTE
r-devel-windows-x86_64-old 0.4.1 8.00 46.00 54.00 NOTE
r-patched-linux-x86_64 0.4.1 4.85 38.44 43.29 NOTE
r-patched-solaris-x86 0.4.1 80.50 NOTE
r-release-linux-x86_64 0.4.1 4.62 38.13 42.75 NOTE
r-release-macos-arm64 0.4.1 NOTE
r-release-macos-x86_64 0.4.1 NOTE
r-release-windows-ix86+x86_64 0.4.1 10.00 45.00 55.00 NOTE
r-oldrel-macos-x86_64 0.4.1 OK
r-oldrel-windows-ix86+x86_64 0.4.1 9.00 61.00 70.00 OK

Check Details

Version: 0.4.1
Check: LazyData
Result: NOTE
     'LazyData' is specified without a 'data' directory
Flavors: r-devel-linux-x86_64-debian-clang, r-devel-linux-x86_64-debian-gcc, r-devel-linux-x86_64-fedora-clang, r-devel-linux-x86_64-fedora-gcc, r-devel-windows-x86_64-new-UL, r-devel-windows-x86_64-new-TK, r-devel-windows-x86_64-old, r-patched-linux-x86_64, r-patched-solaris-x86, r-release-linux-x86_64, r-release-macos-arm64, r-release-macos-x86_64, r-release-windows-ix86+x86_64