CRAN Package Check Results for Package textclean

Last updated on 2020-09-23 13:05:06 CEST.

Flavor Version Tinstall Tcheck Ttotal Status Flags
r-devel-linux-x86_64-debian-clang 0.9.3 13.99 45.77 59.76 OK
r-devel-linux-x86_64-debian-gcc 0.9.3 12.43 35.29 47.72 OK
r-devel-linux-x86_64-fedora-clang 0.9.3 94.00 NOTE
r-devel-linux-x86_64-fedora-gcc 0.9.3 71.62 NOTE
r-devel-windows-ix86+x86_64 0.9.3 24.00 65.00 89.00 OK
r-patched-linux-x86_64 0.9.3 13.02 42.06 55.08 OK
r-patched-solaris-x86 0.9.3 111.10 NOTE
r-release-linux-x86_64 0.9.3 14.52 43.18 57.70 OK
r-release-macos-x86_64 0.9.3 NOTE
r-release-windows-ix86+x86_64 0.9.3 28.00 67.00 95.00 OK
r-oldrel-macos-x86_64 0.9.3 NOTE
r-oldrel-windows-ix86+x86_64 0.9.3 15.00 69.00 84.00 OK

Check Details

Version: 0.9.3
Check: dependencies in R code
Result: NOTE
    Namespace in Imports field not imported from: ‘lexicon’
     All declared Imports should be used.
Flavors: r-devel-linux-x86_64-fedora-clang, r-devel-linux-x86_64-fedora-gcc, r-patched-solaris-x86, r-release-macos-x86_64, r-oldrel-macos-x86_64

Version: 0.9.3
Check: Rd cross-references
Result: NOTE
    Undeclared package ‘gsubfn’ in Rd xrefs
Flavor: r-devel-linux-x86_64-fedora-clang