CRAN Package Check Results for Package textTinyR

Last updated on 2024-02-29 07:52:52 CET.

Flavor Version Tinstall Tcheck Ttotal Status Flags
r-devel-linux-x86_64-debian-clang 1.1.8 132.18 158.27 290.45 OK
r-devel-linux-x86_64-debian-gcc 1.1.8 118.06 127.11 245.17 OK
r-devel-linux-x86_64-fedora-clang 1.1.8 399.56 OK
r-devel-linux-x86_64-fedora-gcc 1.1.8 432.33 OK
r-devel-windows-x86_64 1.1.8 102.00 158.00 260.00 OK
r-patched-linux-x86_64 1.1.8 148.74 157.46 306.20 OK
r-release-linux-x86_64 1.1.8 138.61 157.96 296.57 OK
r-release-macos-arm64 1.1.8 123.00 NOTE
r-release-macos-x86_64 1.1.8 225.00 NOTE
r-release-windows-x86_64 1.1.8 132.00 193.00 325.00 OK
r-oldrel-macos-arm64 1.1.8 110.00 NOTE
r-oldrel-windows-x86_64 1.1.8 123.00 175.00 298.00 OK

Check Details

Version: 1.1.8
Check: installed package size
Result: NOTE installed size is 15.3Mb sub-directories of 1Mb or more: libs 13.7Mb Flavors: r-release-macos-arm64, r-release-macos-x86_64, r-oldrel-macos-arm64