CRAN Package Check Results for Package text

Last updated on 2021-12-04 07:50:37 CET.

Flavor Version Tinstall Tcheck Ttotal Status Flags
r-devel-linux-x86_64-debian-clang 0.9.10 18.60 186.04 204.64 OK
r-devel-linux-x86_64-debian-gcc 0.9.10 16.08 142.29 158.37 OK
r-devel-linux-x86_64-fedora-clang 0.9.10 249.29 NOTE
r-devel-linux-x86_64-fedora-gcc 0.9.10 232.67 NOTE
r-devel-windows-x86_64-new-UL 0.9.10 34.00 258.00 292.00 OK
r-devel-windows-x86_64-new-TK 0.9.10 NOTE
r-devel-windows-x86_64-old 0.9.10 30.00 172.00 202.00 OK
r-patched-linux-x86_64 0.9.10 17.73 172.33 190.06 OK
r-release-linux-x86_64 0.9.10 18.90 171.74 190.64 OK
r-release-macos-arm64 0.9.10 NOTE
r-release-macos-x86_64 0.9.10 NOTE
r-release-windows-ix86+x86_64 0.9.10 42.00 218.00 260.00 OK
r-oldrel-macos-x86_64 0.9.10 NOTE
r-oldrel-windows-ix86+x86_64 0.9.10 41.00 229.00 270.00 OK

Check Details

Version: 0.9.10
Check: data for non-ASCII characters
Result: NOTE
     Note: found 3 marked UTF-8 strings
Flavors: r-devel-linux-x86_64-fedora-clang, r-devel-linux-x86_64-fedora-gcc, r-devel-windows-x86_64-new-TK, r-release-macos-arm64, r-release-macos-x86_64, r-oldrel-macos-x86_64