CRAN Package Check Results for Package testthat

Last updated on 2023-05-30 10:02:34 CEST.

Flavor Version Tinstall Tcheck Ttotal Status Flags
r-devel-linux-x86_64-debian-clang 3.1.8 53.33 184.33 237.66 OK
r-devel-linux-x86_64-debian-gcc 3.1.8 45.01 140.25 185.26 OK
r-devel-linux-x86_64-fedora-clang 3.1.8 314.55 OK
r-devel-linux-x86_64-fedora-gcc 3.1.8 358.54 OK
r-devel-windows-x86_64 3.1.8 45.00 162.00 207.00 OK
r-patched-linux-x86_64 3.1.8 46.54 174.25 220.79 OK
r-release-linux-x86_64 3.1.8 36.62 176.18 212.80 OK
r-release-macos-arm64 3.1.8 115.00 NOTE
r-release-macos-x86_64 3.1.7 191.00 NOTE
r-release-windows-x86_64 3.1.8 60.00 195.00 255.00 OK
r-oldrel-macos-arm64 3.1.8 108.00 NOTE
r-oldrel-macos-x86_64 3.1.8 130.00 NOTE
r-oldrel-windows-x86_64 3.1.8 56.00 178.00 234.00 OK

Check Details

Version: 3.1.8
Check: installed package size
Result: NOTE
     installed size is 8.2Mb
     sub-directories of 1Mb or more:
     R 1.1Mb
     libs 5.8Mb
Flavors: r-release-macos-arm64, r-oldrel-macos-arm64, r-oldrel-macos-x86_64

Version: 3.1.7
Check: installed package size
Result: NOTE
     installed size is 7.7Mb
     sub-directories of 1Mb or more:
     R 1.0Mb
     libs 5.3Mb
Flavor: r-release-macos-x86_64