Last updated on 2023-12-09 07:49:49 CET.
Flavor | Version | Tinstall | Tcheck | Ttotal | Status | Flags |
---|---|---|---|---|---|---|
r-devel-linux-x86_64-debian-clang | 3.2.1 | 47.70 | 263.35 | 311.05 | OK | |
r-devel-linux-x86_64-debian-gcc | 3.2.1 | 41.43 | 192.59 | 234.02 | OK | |
r-devel-linux-x86_64-fedora-clang | 3.2.1 | 382.61 | OK | |||
r-devel-linux-x86_64-fedora-gcc | 3.2.1 | 450.48 | OK | |||
r-devel-windows-x86_64 | 3.2.1 | 47.00 | 176.00 | 223.00 | OK | |
r-patched-linux-x86_64 | 3.2.1 | 35.77 | 253.30 | 289.07 | OK | |
r-release-linux-x86_64 | 3.2.1 | 34.59 | 246.13 | 280.72 | OK | |
r-release-macos-arm64 | 3.2.1 | 130.00 | NOTE | |||
r-release-macos-x86_64 | 3.2.1 | 280.00 | NOTE | |||
r-release-windows-x86_64 | 3.2.1 | 63.00 | 208.00 | 271.00 | OK | |
r-oldrel-macos-arm64 | 3.2.1 | 120.00 | NOTE | |||
r-oldrel-macos-x86_64 | 3.2.0 | 158.00 | NOTE | |||
r-oldrel-windows-x86_64 | 3.2.0 | 46.00 | 143.00 | 189.00 | OK |
Version: 3.2.1
Check: installed package size
Result: NOTE
installed size is 8.9Mb
sub-directories of 1Mb or more:
R 2.1Mb
libs 5.4Mb
Flavors: r-release-macos-arm64, r-release-macos-x86_64, r-oldrel-macos-arm64
Version: 3.2.0
Check: installed package size
Result: NOTE
installed size is 8.1Mb
sub-directories of 1Mb or more:
R 1.1Mb
libs 5.6Mb
Flavor: r-oldrel-macos-x86_64