CRAN Package Check Results for Package testthat

Last updated on 2024-07-22 21:56:40 CEST.

Flavor Version Tinstall Tcheck Ttotal Status Flags
r-devel-linux-x86_64-debian-clang 3.2.1.1 53.16 261.02 314.18 NOTE
r-devel-linux-x86_64-debian-gcc 3.2.1.1 42.88 185.38 228.26 NOTE
r-devel-linux-x86_64-fedora-clang 3.2.1.1 405.12 NOTE
r-devel-linux-x86_64-fedora-gcc 3.2.1.1 471.09 NOTE
r-devel-windows-x86_64 3.2.1.1 53.00 175.00 228.00 NOTE
r-patched-linux-x86_64 3.2.1.1 58.56 246.39 304.95 OK
r-release-linux-x86_64 3.2.1.1 52.86 244.35 297.21 OK
r-release-macos-arm64 3.2.1.1 128.00 NOTE
r-release-macos-x86_64 3.2.1.1 231.00 NOTE
r-release-windows-x86_64 3.2.1.1 49.00 169.00 218.00 OK
r-oldrel-macos-arm64 3.2.1.1 129.00 NOTE
r-oldrel-macos-x86_64 3.2.1.1 250.00 NOTE
r-oldrel-windows-x86_64 3.2.1.1 64.00 203.00 267.00 OK

Check Details

Version: 3.2.1.1
Check: compiled code
Result: NOTE File ‘testthat/libs/testthat.so’: Found non-API calls to R: ‘SET_BODY’, ‘SET_CLOENV’, ‘SET_FORMALS’ Compiled code should not call non-API entry points in R. See ‘Writing portable packages’ in the ‘Writing R Extensions’ manual, and section ‘Moving into C API compliance’ for issues with the use of non-API entry points. Flavors: r-devel-linux-x86_64-debian-clang, r-devel-linux-x86_64-debian-gcc, r-devel-linux-x86_64-fedora-clang, r-devel-linux-x86_64-fedora-gcc

Version: 3.2.1.1
Check: compiled code
Result: NOTE File 'testthat/libs/x64/testthat.dll': Found non-API calls to R: 'SET_BODY', 'SET_CLOENV', 'SET_FORMALS' Compiled code should not call non-API entry points in R. See 'Writing portable packages' in the 'Writing R Extensions' manual, and section 'Moving into C API compliance' for issues with the use of non-API entry points. Flavor: r-devel-windows-x86_64

Version: 3.2.1.1
Check: installed package size
Result: NOTE installed size is 8.9Mb sub-directories of 1Mb or more: R 2.0Mb libs 5.4Mb Flavors: r-release-macos-arm64, r-release-macos-x86_64, r-oldrel-macos-arm64, r-oldrel-macos-x86_64