CRAN Package Check Results for Package testcorr

Last updated on 2021-09-21 20:51:32 CEST.

Flavor Version Tinstall Tcheck Ttotal Status Flags
r-devel-linux-x86_64-debian-clang 0.2.0 6.02 78.62 84.64 OK
r-devel-linux-x86_64-debian-gcc 0.2.0 4.77 59.34 64.11 OK
r-devel-linux-x86_64-fedora-clang 0.2.0 126.72 NOTE
r-devel-linux-x86_64-fedora-gcc 0.2.0 113.74 NOTE
r-devel-windows-x86_64 0.2.0 8.00 76.00 84.00 OK
r-devel-windows-x86_64-gcc10-UCRT 0.2.0 ERROR
r-patched-linux-x86_64 0.2.0 5.40 74.16 79.56 OK
r-patched-solaris-x86 0.2.0 134.00 NOTE
r-release-linux-x86_64 0.2.0 6.53 73.59 80.12 OK
r-release-macos-arm64 0.2.0 OK
r-release-macos-x86_64 0.2.0 OK
r-release-windows-ix86+x86_64 0.2.0 15.00 76.00 91.00 OK
r-oldrel-macos-x86_64 0.2.0 OK
r-oldrel-windows-ix86+x86_64 0.2.0 16.00 72.00 88.00 OK

Additional issues

M1mac

Check Details

Version: 0.2.0
Check: for detritus in the temp directory
Result: NOTE
    Found the following files/directories:
     ‘par-7269706c6579’
Flavors: r-devel-linux-x86_64-fedora-clang, r-devel-linux-x86_64-fedora-gcc, r-patched-solaris-x86

Version: 0.2.0
Check: whether package can be installed
Result: WARN
    Found the following significant warnings:
     WARNING: installation-time patches will not be applied, could not get the patches index
Flavor: r-devel-windows-x86_64-gcc10-UCRT

Version: 0.2.0
Check: PDF version of manual
Result: WARN
    LaTeX errors when creating PDF version.
    This typically indicates Rd problems.
Flavor: r-devel-windows-x86_64-gcc10-UCRT

Version: 0.2.0
Check: PDF version of manual without hyperrefs or index
Result: ERROR
    Re-running with no redirection of stdout/stderr.
Flavor: r-devel-windows-x86_64-gcc10-UCRT