CRAN Package Check Results for Package tesseract

Last updated on 2022-01-22 07:53:00 CET.

Flavor Version Tinstall Tcheck Ttotal Status Flags
r-devel-linux-x86_64-debian-clang 5.0.0 20.87 123.10 143.97 OK
r-devel-linux-x86_64-debian-gcc 5.0.0 15.15 165.98 181.13 OK
r-devel-linux-x86_64-fedora-clang 5.0.0 148.00 OK
r-devel-linux-x86_64-fedora-gcc 5.0.0 162.54 OK
r-devel-windows-x86_64-new-UL 5.0.0 141.00 141.00 282.00 NOTE
r-devel-windows-x86_64-new-TK 5.0.0 OK
r-patched-linux-x86_64 5.0.0 20.59 94.22 114.81 OK
r-release-linux-x86_64 5.0.0 20.20 96.52 116.72 OK
r-release-macos-arm64 5.0.0 NOTE
r-release-macos-x86_64 5.0.0 NOTE
r-release-windows-ix86+x86_64 5.0.0 74.00 139.00 213.00 NOTE
r-oldrel-macos-x86_64 4.2.0 NOTE
r-oldrel-windows-ix86+x86_64 5.0.0 81.00 140.00 221.00 NOTE

Additional issues

valgrind

Check Details

Version: 5.0.0
Check: installed package size
Result: NOTE
     installed size is 22.6Mb
     sub-directories of 1Mb or more:
     doc 1.0Mb
     libs 7.4Mb
     tessdata 14.0Mb
Flavors: r-devel-windows-x86_64-new-UL, r-release-macos-arm64, r-release-macos-x86_64, r-release-windows-ix86+x86_64, r-oldrel-windows-ix86+x86_64

Version: 4.2.0
Check: installed package size
Result: NOTE
     installed size is 22.0Mb
     sub-directories of 1Mb or more:
     doc 1.0Mb
     libs 6.7Mb
     tessdata 14.1Mb
Flavor: r-oldrel-macos-x86_64