CRAN Package Check Results for Package terrainmeshr

Last updated on 2023-03-30 08:53:53 CEST.

Flavor Version Tinstall Tcheck Ttotal Status Flags
r-devel-linux-x86_64-debian-clang 0.1.0 33.16 27.44 60.60 NOTE
r-devel-linux-x86_64-debian-gcc 0.1.0 24.54 21.56 46.10 NOTE
r-devel-linux-x86_64-fedora-clang 0.1.0 95.06 NOTE
r-devel-linux-x86_64-fedora-gcc 0.1.0 76.95 NOTE
r-patched-linux-x86_64 0.1.0 27.94 26.84 54.78 NOTE
r-release-linux-x86_64 0.1.0 27.82 28.02 55.84 NOTE
r-release-macos-arm64 0.1.0 25.00 NOTE
r-release-macos-x86_64 0.1.0 34.00 NOTE
r-release-windows-x86_64 0.1.0 41.00 74.00 115.00 NOTE
r-oldrel-macos-arm64 0.1.0 29.00 NOTE
r-oldrel-macos-x86_64 0.1.0 42.00 NOTE
r-oldrel-windows-ix86+x86_64 0.1.0 80.00 78.00 158.00 NOTE

Check Details

Version: 0.1.0
Check: C++ specification
Result: NOTE
     Specified C++11: please drop specification unless essential
Flavors: r-devel-linux-x86_64-debian-clang, r-devel-linux-x86_64-debian-gcc, r-devel-linux-x86_64-fedora-clang, r-devel-linux-x86_64-fedora-gcc, r-patched-linux-x86_64

Version: 0.1.0
Check: LazyData
Result: NOTE
     'LazyData' is specified without a 'data' directory
Flavors: r-devel-linux-x86_64-debian-clang, r-devel-linux-x86_64-debian-gcc, r-devel-linux-x86_64-fedora-clang, r-devel-linux-x86_64-fedora-gcc, r-patched-linux-x86_64, r-release-linux-x86_64, r-release-macos-arm64, r-release-macos-x86_64, r-release-windows-x86_64, r-oldrel-macos-arm64, r-oldrel-macos-x86_64, r-oldrel-windows-ix86+x86_64