CRAN Package Check Results for Package tensorsparse

Last updated on 2021-09-22 08:50:34 CEST.

Flavor Version Tinstall Tcheck Ttotal Status Flags
r-devel-linux-x86_64-debian-clang 3.0 3.71 29.69 33.40 OK
r-devel-linux-x86_64-debian-gcc 3.0 2.95 22.67 25.62 OK
r-devel-linux-x86_64-fedora-clang 3.0 49.83 OK
r-devel-linux-x86_64-fedora-gcc 3.0 39.08 OK
r-devel-windows-x86_64 3.0 6.00 35.00 41.00 OK
r-devel-windows-x86_64-gcc10-UCRT 3.0 ERROR
r-patched-linux-x86_64 3.0 3.80 28.50 32.30 OK
r-patched-solaris-x86 3.0 57.70 OK
r-release-linux-x86_64 3.0 3.67 28.88 32.55 OK
r-release-macos-arm64 3.0 OK
r-release-macos-x86_64 3.0 OK
r-release-windows-ix86+x86_64 3.0 10.00 38.00 48.00 OK
r-oldrel-macos-x86_64 3.0 OK
r-oldrel-windows-ix86+x86_64 3.0 8.00 39.00 47.00 OK

Check Details

Version: 3.0
Check: whether package can be installed
Result: ERROR
    Installation failed.
Flavor: r-devel-windows-x86_64-gcc10-UCRT