CRAN Package Check Results for Package tensorflow

Last updated on 2021-10-17 12:53:01 CEST.

Flavor Version Tinstall Tcheck Ttotal Status Flags
r-devel-linux-x86_64-debian-clang 2.6.0 8.80 69.57 78.37 OK
r-devel-linux-x86_64-debian-gcc 2.6.0 7.26 54.98 62.24 OK
r-devel-linux-x86_64-fedora-clang 2.6.0 105.14 NOTE
r-devel-linux-x86_64-fedora-gcc 2.6.0 93.98 OK
r-devel-windows-x86_64 2.6.0 13.00 76.00 89.00 OK
r-devel-windows-x86_64-gcc10-UCRT 2.6.0 OK
r-patched-linux-x86_64 2.6.0 10.80 68.19 78.99 OK
r-patched-solaris-x86 2.6.0 135.60 OK
r-release-linux-x86_64 2.6.0 9.24 68.02 77.26 OK
r-release-macos-arm64 2.6.0 OK
r-release-macos-x86_64 2.6.0 OK
r-release-windows-ix86+x86_64 2.6.0 14.00 91.00 105.00 OK
r-oldrel-macos-x86_64 2.6.0 OK
r-oldrel-windows-ix86+x86_64 2.6.0 20.00 91.00 111.00 OK

Check Details

Version: 2.6.0
Check: Rd cross-references
Result: NOTE
    Undeclared package ‘tfestimators’ in Rd xrefs
Flavor: r-devel-linux-x86_64-fedora-clang