Last updated on 2023-02-04 12:57:31 CET.
Flavor | Version | Tinstall | Tcheck | Ttotal | Status | Flags |
---|---|---|---|---|---|---|
r-devel-linux-x86_64-debian-clang | 0.1.1 | 47.75 | 149.81 | 197.56 | OK | |
r-devel-linux-x86_64-debian-gcc | 0.1.1 | 35.25 | 106.98 | 142.23 | OK | |
r-devel-linux-x86_64-fedora-clang | 0.1.1 | 246.57 | NOTE | |||
r-devel-linux-x86_64-fedora-gcc | 0.1.1 | 255.59 | OK | |||
r-devel-windows-x86_64 | 0.1.1 | 86.00 | 204.00 | 290.00 | NOTE | |
r-patched-linux-x86_64 | 0.1.1 | 35.22 | 139.45 | 174.67 | OK | |
r-release-linux-x86_64 | 0.1.1 | 36.22 | 120.59 | 156.81 | OK | |
r-release-macos-arm64 | 0.1.1 | 57.00 | NOTE | |||
r-release-macos-x86_64 | 0.1.1 | 95.00 | NOTE | |||
r-release-windows-x86_64 | 0.1.1 | 88.00 | 187.00 | 275.00 | NOTE | |
r-oldrel-macos-arm64 | 0.1.1 | 53.00 | NOTE | |||
r-oldrel-macos-x86_64 | 0.1.1 | 78.00 | NOTE | |||
r-oldrel-windows-ix86+x86_64 | 0.1.1 | 111.00 | 237.00 | 348.00 | NOTE |
Version: 0.1.1
Check: installed package size
Result: NOTE
installed size is 5.5Mb
sub-directories of 1Mb or more:
doc 3.7Mb
telemac 1.0Mb
Flavors: r-devel-linux-x86_64-fedora-clang, r-devel-windows-x86_64, r-release-macos-arm64, r-release-macos-x86_64, r-release-windows-x86_64, r-oldrel-macos-arm64, r-oldrel-macos-x86_64, r-oldrel-windows-ix86+x86_64
Version: 0.1.1
Check: Rd cross-references
Result: NOTE
Undeclared package ‘tibble’ in Rd xrefs
Flavor: r-devel-linux-x86_64-fedora-clang