Last updated on 2023-12-04 18:52:32 CET.
Flavor | Version | Tinstall | Tcheck | Ttotal | Status | Flags |
---|---|---|---|---|---|---|
r-devel-linux-x86_64-debian-clang | 0.1.1 | 45.00 | 146.01 | 191.01 | NOTE | |
r-devel-linux-x86_64-debian-gcc | 0.1.1 | 31.29 | 107.03 | 138.32 | NOTE | |
r-devel-linux-x86_64-fedora-clang | 0.1.1 | 255.75 | NOTE | |||
r-devel-linux-x86_64-fedora-gcc | 0.1.1 | 260.72 | NOTE | |||
r-devel-windows-x86_64 | 0.1.1 | 39.00 | 146.00 | 185.00 | NOTE | |
r-patched-linux-x86_64 | 0.1.1 | 30.71 | 137.74 | 168.45 | NOTE | |
r-release-linux-x86_64 | 0.1.1 | 32.47 | 139.03 | 171.50 | NOTE | |
r-release-macos-arm64 | 0.1.1 | 76.00 | NOTE | |||
r-release-macos-x86_64 | 0.1.1 | 124.00 | NOTE | |||
r-release-windows-x86_64 | 0.1.1 | 51.00 | 176.00 | 227.00 | NOTE | |
r-oldrel-macos-arm64 | 0.1.1 | 57.00 | NOTE | |||
r-oldrel-macos-x86_64 | 0.1.1 | 95.00 | NOTE | |||
r-oldrel-windows-x86_64 | 0.1.1 | 48.00 | 170.00 | 218.00 | NOTE |
Version: 0.1.1
Check: package dependencies
Result: NOTE
Package suggested but not available for checking: ‘rgdal’
Flavors: r-devel-linux-x86_64-debian-clang, r-devel-linux-x86_64-debian-gcc, r-devel-linux-x86_64-fedora-clang, r-devel-linux-x86_64-fedora-gcc, r-patched-linux-x86_64, r-release-linux-x86_64
Version: 0.1.1
Check: installed package size
Result: NOTE
installed size is 5.5Mb
sub-directories of 1Mb or more:
doc 3.7Mb
telemac 1.0Mb
Flavors: r-devel-linux-x86_64-fedora-clang, r-devel-windows-x86_64, r-release-macos-arm64, r-release-macos-x86_64, r-release-windows-x86_64, r-oldrel-macos-arm64, r-oldrel-macos-x86_64, r-oldrel-windows-x86_64
Version: 0.1.1
Check: Rd cross-references
Result: NOTE
Undeclared package ‘tibble’ in Rd xrefs
Flavor: r-devel-linux-x86_64-fedora-clang