CRAN Package Check Results for Package tdigest

Last updated on 2022-10-05 10:51:54 CEST.

Flavor Version Tinstall Tcheck Ttotal Status Flags
r-devel-linux-x86_64-debian-clang 0.3.0 2.81 26.20 29.01 NOTE
r-devel-linux-x86_64-debian-gcc 0.3.0 2.53 20.51 23.04 NOTE
r-devel-linux-x86_64-fedora-clang 0.4.1 47.14 OK
r-devel-linux-x86_64-fedora-gcc 0.4.1 46.07 OK
r-devel-windows-x86_64 0.4.1 15.00 55.00 70.00 OK
r-patched-linux-x86_64 0.3.0 3.03 25.19 28.22 OK
r-release-linux-x86_64 0.3.0 2.59 24.81 27.40 OK
r-release-macos-arm64 0.3.0 16.00 OK
r-release-macos-x86_64 0.3.0 22.00 OK
r-release-windows-x86_64 0.3.0 18.00 54.00 72.00 OK
r-oldrel-macos-arm64 0.3.0 21.00 OK
r-oldrel-macos-x86_64 0.3.0 31.00 OK
r-oldrel-windows-ix86+x86_64 0.3.0 10.00 60.00 70.00 OK

Additional issues

rchk

Check Details

Version: 0.3.0
Check: package subdirectories
Result: NOTE
    Problems with news in 'NEWS.md':
    No news entries found.
Flavors: r-devel-linux-x86_64-debian-clang, r-devel-linux-x86_64-debian-gcc