CRAN Package Check Results for Package tcR

Last updated on 2020-01-25 08:50:17 CET.

Flavor Version Tinstall Tcheck Ttotal Status Flags
r-devel-linux-x86_64-debian-clang 2.2.4 27.99 123.03 151.02 OK
r-devel-linux-x86_64-debian-gcc 2.2.4 21.40 93.98 115.38 OK
r-devel-linux-x86_64-fedora-clang 2.2.4 184.43 NOTE
r-devel-linux-x86_64-fedora-gcc 2.2.4 175.63 OK
r-devel-windows-ix86+x86_64 2.2.4 61.00 225.00 286.00 NOTE
r-devel-windows-ix86+x86_64-gcc8 2.2.4 87.00 169.00 256.00 NOTE
r-patched-linux-x86_64 2.2.4 22.32 109.01 131.33 OK
r-patched-solaris-x86 2.2.4 223.70 NOTE
r-release-linux-x86_64 2.2.4 22.90 110.88 133.78 OK
r-release-windows-ix86+x86_64 2.2.4 50.00 212.00 262.00 NOTE
r-release-osx-x86_64 2.2.4 NOTE
r-oldrel-windows-ix86+x86_64 2.2.4 43.00 137.00 180.00 NOTE
r-oldrel-osx-x86_64 2.2.4 NOTE

Check Details

Version: 2.2.4
Check: installed package size
Result: NOTE
     installed size is 6.8Mb
     sub-directories of 1Mb or more:
     data 1.4Mb
     doc 3.9Mb
Flavors: r-devel-linux-x86_64-fedora-clang, r-devel-windows-ix86+x86_64, r-devel-windows-ix86+x86_64-gcc8, r-patched-solaris-x86, r-release-windows-ix86+x86_64, r-release-osx-x86_64, r-oldrel-windows-ix86+x86_64, r-oldrel-osx-x86_64