CRAN Package Check Results for Package tcR

Last updated on 2019-08-23 10:48:26 CEST.

Flavor Version Tinstall Tcheck Ttotal Status Flags
r-devel-linux-x86_64-debian-clang 2.2.4 24.16 117.12 141.28 OK
r-devel-linux-x86_64-debian-gcc 2.2.4 18.86 89.94 108.80 OK
r-devel-linux-x86_64-fedora-clang 2.2.4 169.90 NOTE
r-devel-linux-x86_64-fedora-gcc 2.2.4 168.16 OK
r-devel-windows-ix86+x86_64 2.2.4 56.00 167.00 223.00 NOTE
r-patched-linux-x86_64 2.2.4 21.29 109.68 130.97 OK
r-patched-solaris-x86 2.2.4 228.10 NOTE
r-release-linux-x86_64 2.2.4 22.28 109.44 131.72 OK
r-release-windows-ix86+x86_64 2.2.4 85.00 292.00 377.00 NOTE
r-release-osx-x86_64 2.2.4 NOTE
r-oldrel-windows-ix86+x86_64 2.2.4 65.00 237.00 302.00 NOTE
r-oldrel-osx-x86_64 2.2.4 NOTE

Check Details

Version: 2.2.4
Check: installed package size
Result: NOTE
     installed size is 6.8Mb
     sub-directories of 1Mb or more:
     data 1.4Mb
     doc 3.9Mb
Flavors: r-devel-linux-x86_64-fedora-clang, r-devel-windows-ix86+x86_64, r-patched-solaris-x86, r-release-windows-ix86+x86_64, r-release-osx-x86_64, r-oldrel-windows-ix86+x86_64, r-oldrel-osx-x86_64