CRAN Package Check Results for Package tbma

Last updated on 2022-10-05 10:51:54 CEST.

Flavor Version Tinstall Tcheck Ttotal Status Flags
r-devel-linux-x86_64-debian-clang 0.1.0 9.16 75.48 84.64 NOTE
r-devel-linux-x86_64-debian-gcc 0.1.0 6.29 55.84 62.13 NOTE
r-devel-linux-x86_64-fedora-clang 0.1.0 114.91 NOTE
r-devel-linux-x86_64-fedora-gcc 0.1.0 103.98 NOTE
r-devel-windows-x86_64 0.1.0 11.00 89.00 100.00 NOTE
r-patched-linux-x86_64 0.1.0 6.44 67.99 74.43 NOTE
r-release-linux-x86_64 0.1.0 7.08 69.40 76.48 NOTE
r-release-macos-arm64 0.1.0 32.00 NOTE
r-release-macos-x86_64 0.1.0 41.00 NOTE
r-release-windows-x86_64 0.1.0 11.00 93.00 104.00 NOTE
r-oldrel-macos-arm64 0.1.0 33.00 NOTE
r-oldrel-macos-x86_64 0.1.0 51.00 NOTE
r-oldrel-windows-ix86+x86_64 0.1.0 20.00 89.00 109.00 NOTE

Check Details

Version: 0.1.0
Check: LazyData
Result: NOTE
     'LazyData' is specified without a 'data' directory
Flavors: r-devel-linux-x86_64-debian-clang, r-devel-linux-x86_64-debian-gcc, r-devel-linux-x86_64-fedora-clang, r-devel-linux-x86_64-fedora-gcc, r-devel-windows-x86_64, r-patched-linux-x86_64, r-release-linux-x86_64, r-release-macos-arm64, r-release-macos-x86_64, r-release-windows-x86_64, r-oldrel-macos-arm64, r-oldrel-macos-x86_64, r-oldrel-windows-ix86+x86_64