CRAN Package Check Results for Package tatoo

Last updated on 2021-10-17 12:53:01 CEST.

Flavor Version Tinstall Tcheck Ttotal Status Flags
r-devel-linux-x86_64-debian-clang 1.1.1 5.67 74.33 80.00 NOTE
r-devel-linux-x86_64-debian-gcc 1.1.1 4.57 54.61 59.18 NOTE
r-devel-linux-x86_64-fedora-clang 1.1.1 103.82 NOTE
r-devel-linux-x86_64-fedora-gcc 1.1.1 92.02 NOTE
r-devel-windows-x86_64 1.1.1 8.00 85.00 93.00 NOTE
r-devel-windows-x86_64-gcc10-UCRT 1.1.1 NOTE
r-patched-linux-x86_64 1.1.1 9.19 71.51 80.70 NOTE
r-patched-solaris-x86 1.1.1 108.30 NOTE
r-release-linux-x86_64 1.1.1 5.78 72.20 77.98 NOTE
r-release-macos-arm64 1.1.1 NOTE
r-release-macos-x86_64 1.1.1 NOTE
r-release-windows-ix86+x86_64 1.1.1 7.00 97.00 104.00 NOTE
r-oldrel-macos-x86_64 1.1.1 OK
r-oldrel-windows-ix86+x86_64 1.1.1 12.00 98.00 110.00 OK

Check Details

Version: 1.1.1
Check: LazyData
Result: NOTE
     'LazyData' is specified without a 'data' directory
Flavors: r-devel-linux-x86_64-debian-clang, r-devel-linux-x86_64-debian-gcc, r-devel-linux-x86_64-fedora-clang, r-devel-linux-x86_64-fedora-gcc, r-devel-windows-x86_64, r-devel-windows-x86_64-gcc10-UCRT, r-patched-linux-x86_64, r-patched-solaris-x86, r-release-linux-x86_64, r-release-macos-arm64, r-release-macos-x86_64, r-release-windows-ix86+x86_64