Last updated on 2023-03-31 08:54:14 CEST.
Flavor | Version | Tinstall | Tcheck | Ttotal | Status | Flags |
---|---|---|---|---|---|---|
r-devel-linux-x86_64-debian-clang | 0.8.2 | 17.01 | 79.69 | 96.70 | OK | |
r-devel-linux-x86_64-debian-gcc | 0.8.2 | 14.94 | 61.01 | 75.95 | OK | |
r-devel-linux-x86_64-fedora-clang | 0.8.2 | 138.19 | OK | |||
r-devel-linux-x86_64-fedora-gcc | 0.8.2 | 118.90 | OK | |||
r-patched-linux-x86_64 | 0.8.2 | 23.91 | 77.09 | 101.00 | OK | |
r-release-linux-x86_64 | 0.8.2 | 15.52 | 76.53 | 92.05 | OK | |
r-release-macos-arm64 | 0.8.2 | 35.00 | OK | |||
r-release-macos-x86_64 | 0.8.2 | 49.00 | OK | |||
r-release-windows-x86_64 | 0.8.2 | 103.00 | 131.00 | 234.00 | OK | |
r-oldrel-macos-arm64 | 0.8.2 | 39.00 | OK | |||
r-oldrel-macos-x86_64 | 0.8.2 | 55.00 | OK | |||
r-oldrel-windows-ix86+x86_64 | 0.8.2 | 30.00 | 118.00 | 148.00 | WARN |
Version: 0.8.2
Check: for unstated dependencies in ‘tests’
Result: WARN
Warning: unable to access index for repository https://bioconductor.org/packages/3.14/bioc/src/contrib:
cannot open URL 'https://bioconductor.org/packages/3.14/bioc/src/contrib/PACKAGES'
Warning: unable to access index for repository https://bioconductor.org/packages/3.14/data/annotation/src/contrib:
cannot open URL 'https://bioconductor.org/packages/3.14/data/annotation/src/contrib/PACKAGES'
Warning: unable to access index for repository https://bioconductor.org/packages/3.14/data/experiment/src/contrib:
cannot open URL 'https://bioconductor.org/packages/3.14/data/experiment/src/contrib/PACKAGES'
Flavor: r-oldrel-windows-ix86+x86_64