CRAN Package Check Results for Package takos

Last updated on 2020-12-01 19:48:30 CET.

Flavor Version Tinstall Tcheck Ttotal Status Flags
r-devel-linux-x86_64-debian-clang 0.2.0 8.66 59.03 67.69 OK
r-devel-linux-x86_64-debian-gcc 0.2.0 6.04 45.29 51.33 OK
r-devel-linux-x86_64-fedora-clang 0.2.0 85.67 NOTE
r-devel-linux-x86_64-fedora-gcc 0.2.0 74.18 NOTE
r-devel-windows-ix86+x86_64 0.2.0 15.00 61.00 76.00 OK
r-patched-linux-x86_64 0.2.0 8.10 62.33 70.43 OK
r-patched-solaris-x86 0.2.0 111.20 NOTE
r-release-linux-x86_64 0.2.0 7.13 57.87 65.00 OK
r-release-macos-x86_64 0.2.0 NOTE
r-release-windows-ix86+x86_64 0.2.0 13.00 63.00 76.00 OK
r-oldrel-macos-x86_64 0.2.0 NOTE
r-oldrel-windows-ix86+x86_64 0.2.0 11.00 85.00 96.00 OK

Check Details

Version: 0.2.0
Check: dependencies in R code
Result: NOTE
    Namespaces in Imports field not imported from:
     ‘MASS’ ‘devEMF’ ‘segmented’ ‘smoother’ ‘tools’
     All declared Imports should be used.
Flavors: r-devel-linux-x86_64-fedora-clang, r-devel-linux-x86_64-fedora-gcc, r-patched-solaris-x86, r-release-macos-x86_64, r-oldrel-macos-x86_64