CRAN Package Check Results for Package tabulog

Last updated on 2023-02-02 07:53:13 CET.

Flavor Version Tinstall Tcheck Ttotal Status Flags
r-devel-linux-x86_64-debian-clang 0.1.1 2.14 23.54 25.68 NOTE
r-devel-linux-x86_64-debian-gcc 0.1.1 1.51 18.03 19.54 NOTE
r-devel-linux-x86_64-fedora-clang 0.1.1 32.88 NOTE
r-devel-linux-x86_64-fedora-gcc 0.1.1 48.03 NOTE
r-patched-linux-x86_64 0.1.1 2.33 23.31 25.64 NOTE
r-release-linux-x86_64 0.1.1 1.65 26.20 27.85 NOTE
r-release-macos-arm64 0.1.1 15.00 NOTE
r-release-macos-x86_64 0.1.1 23.00 NOTE
r-release-windows-x86_64 0.1.1 15.00 60.00 75.00 NOTE
r-oldrel-macos-arm64 0.1.1 17.00 NOTE
r-oldrel-macos-x86_64 0.1.1 29.00 NOTE
r-oldrel-windows-ix86+x86_64 0.1.1 5.00 48.00 53.00 NOTE

Check Details

Version: 0.1.1
Check: LazyData
Result: NOTE
     'LazyData' is specified without a 'data' directory
Flavors: r-devel-linux-x86_64-debian-clang, r-devel-linux-x86_64-debian-gcc, r-devel-linux-x86_64-fedora-clang, r-devel-linux-x86_64-fedora-gcc, r-patched-linux-x86_64, r-release-linux-x86_64, r-release-macos-arm64, r-release-macos-x86_64, r-release-windows-x86_64, r-oldrel-macos-arm64, r-oldrel-macos-x86_64, r-oldrel-windows-ix86+x86_64