CRAN Package Check Results for Package tablet

Last updated on 2021-09-20 20:49:12 CEST.

Flavor Version Tinstall Tcheck Ttotal Status Flags
r-devel-linux-x86_64-debian-clang 0.4.0 6.77 103.69 110.46 OK
r-devel-linux-x86_64-debian-gcc 0.4.0 5.46 77.52 82.98 OK
r-devel-linux-x86_64-fedora-clang 0.4.0 135.45 OK
r-devel-linux-x86_64-fedora-gcc 0.4.0 123.53 OK
r-devel-windows-x86_64 0.4.0 9.00 105.00 114.00 OK
r-devel-windows-x86_64-gcc10-UCRT 0.4.0 ERROR
r-patched-linux-x86_64 0.4.0 7.52 98.82 106.34 OK
r-patched-solaris-x86 0.4.0 170.10 OK
r-release-linux-x86_64 0.4.0 6.27 100.43 106.70 OK
r-release-macos-arm64 0.4.0 OK
r-release-macos-x86_64 0.4.0 OK
r-release-windows-ix86+x86_64 0.4.0 17.00 105.00 122.00 OK
r-oldrel-macos-x86_64 0.4.0 OK
r-oldrel-windows-ix86+x86_64 0.4.0 19.00 108.00 127.00 OK

Check Details

Version: 0.4.0
Check: whether package can be installed
Result: WARN
    Found the following significant warnings:
     WARNING: installation-time patches will not be applied, could not get the patches index
Flavor: r-devel-windows-x86_64-gcc10-UCRT

Version: 0.4.0
Check: PDF version of manual
Result: WARN
    LaTeX errors when creating PDF version.
    This typically indicates Rd problems.
Flavor: r-devel-windows-x86_64-gcc10-UCRT

Version: 0.4.0
Check: PDF version of manual without hyperrefs or index
Result: ERROR
    Re-running with no redirection of stdout/stderr.
Flavor: r-devel-windows-x86_64-gcc10-UCRT