CRAN Package Check Results for Package syt

Last updated on 2021-09-18 20:52:10 CEST.

Flavor Version Tinstall Tcheck Ttotal Status Flags
r-devel-linux-x86_64-debian-clang 0.2.0 7.78 65.07 72.85 NOTE
r-devel-linux-x86_64-debian-gcc 0.2.0 6.20 50.57 56.77 NOTE
r-devel-linux-x86_64-fedora-clang 0.2.0 96.94 NOTE
r-devel-linux-x86_64-fedora-gcc 0.2.0 85.67 NOTE
r-devel-windows-x86_64 0.2.0 7.00 111.00 118.00 NOTE
r-devel-windows-x86_64-gcc10-UCRT 0.2.0 NOTE
r-patched-linux-x86_64 0.2.0 8.19 63.00 71.19 NOTE
r-patched-solaris-x86 0.2.0 131.90 NOTE
r-release-linux-x86_64 0.2.0 7.54 62.83 70.37 NOTE
r-release-macos-arm64 0.2.0 NOTE
r-release-macos-x86_64 0.2.0 NOTE
r-release-windows-ix86+x86_64 0.2.0 17.00 67.00 84.00 NOTE
r-oldrel-macos-x86_64 0.2.0 OK
r-oldrel-windows-ix86+x86_64 0.2.0 16.00 67.00 83.00 OK

Check Details

Version: 0.2.0
Check: LazyData
Result: NOTE
     'LazyData' is specified without a 'data' directory
Flavors: r-devel-linux-x86_64-debian-clang, r-devel-linux-x86_64-debian-gcc, r-devel-linux-x86_64-fedora-clang, r-devel-linux-x86_64-fedora-gcc, r-devel-windows-x86_64, r-devel-windows-x86_64-gcc10-UCRT, r-patched-linux-x86_64, r-patched-solaris-x86, r-release-linux-x86_64, r-release-macos-arm64, r-release-macos-x86_64, r-release-windows-ix86+x86_64