CRAN Package Check Results for Package sys

Last updated on 2022-01-22 07:52:59 CET.

Flavor Version Tinstall Tcheck Ttotal Status Flags
r-devel-linux-x86_64-debian-clang 3.4 2.75 33.46 36.21 NOTE
r-devel-linux-x86_64-debian-gcc 3.4 2.09 25.99 28.08 NOTE
r-devel-linux-x86_64-fedora-clang 3.4 45.16 NOTE
r-devel-linux-x86_64-fedora-gcc 3.4 33.80 NOTE
r-devel-windows-x86_64-new-UL 3.4 28.00 63.00 91.00 NOTE
r-devel-windows-x86_64-new-TK 3.4 NOTE
r-patched-linux-x86_64 3.4 2.60 31.84 34.44 NOTE
r-release-linux-x86_64 3.4 2.37 31.91 34.28 NOTE
r-release-macos-arm64 3.4 NOTE
r-release-macos-x86_64 3.4 NOTE
r-release-windows-ix86+x86_64 3.4 12.00 70.00 82.00 NOTE
r-oldrel-macos-x86_64 3.4 OK
r-oldrel-windows-ix86+x86_64 3.4 13.00 72.00 85.00 NOTE

Check Details

Version: 3.4
Check: LazyData
Result: NOTE
     'LazyData' is specified without a 'data' directory
Flavors: r-devel-linux-x86_64-debian-clang, r-devel-linux-x86_64-debian-gcc, r-devel-linux-x86_64-fedora-clang, r-devel-linux-x86_64-fedora-gcc, r-devel-windows-x86_64-new-UL, r-devel-windows-x86_64-new-TK, r-patched-linux-x86_64, r-release-linux-x86_64, r-release-macos-arm64, r-release-macos-x86_64, r-release-windows-ix86+x86_64

Version: 3.4
Check: package dependencies
Result: NOTE
    Package suggested but not available for checking: 'unix'
Flavors: r-devel-windows-x86_64-new-UL, r-devel-windows-x86_64-new-TK, r-release-windows-ix86+x86_64, r-oldrel-windows-ix86+x86_64