CRAN Package Check Results for Package syntaxr

Last updated on 2024-02-21 19:53:29 CET.

Flavor Version Tinstall Tcheck Ttotal Status Flags
r-devel-linux-x86_64-debian-clang 0.8.0 NOTE
r-devel-linux-x86_64-debian-gcc 0.8.0 1.63 17.47 19.10 NOTE
r-devel-linux-x86_64-fedora-clang 0.8.0 30.55 NOTE
r-devel-linux-x86_64-fedora-gcc 0.8.0 29.42 NOTE
r-devel-windows-x86_64 0.8.0 3.00 40.00 43.00 NOTE
r-patched-linux-x86_64 0.8.0 2.30 22.36 24.66 NOTE
r-release-linux-x86_64 0.8.0 2.07 21.88 23.95 NOTE
r-release-macos-arm64 0.8.0 16.00 NOTE
r-release-macos-x86_64 0.8.0 19.00 NOTE
r-release-windows-x86_64 0.8.0 3.00 42.00 45.00 NOTE
r-oldrel-macos-arm64 0.8.0 16.00 NOTE
r-oldrel-windows-x86_64 0.8.0 3.00 44.00 47.00 NOTE

Check Details

Version: 0.8.0
Check: LazyData
Result: NOTE 'LazyData' is specified without a 'data' directory Flavors: r-devel-linux-x86_64-debian-clang, r-devel-linux-x86_64-debian-gcc, r-devel-linux-x86_64-fedora-clang, r-devel-linux-x86_64-fedora-gcc, r-devel-windows-x86_64, r-patched-linux-x86_64, r-release-linux-x86_64, r-release-macos-arm64, r-release-macos-x86_64, r-release-windows-x86_64, r-oldrel-macos-arm64, r-oldrel-windows-x86_64