CRAN Package Check Results for Package synRNASeqNet

Last updated on 2020-07-14 09:50:54 CEST.

Flavor Version Tinstall Tcheck Ttotal Status Flags
r-devel-linux-x86_64-debian-clang 1.0 4.03 36.91 40.94 NOTE
r-devel-linux-x86_64-debian-gcc 1.0 2.98 28.13 31.11 NOTE
r-devel-linux-x86_64-fedora-clang 1.0 56.29 NOTE
r-devel-linux-x86_64-fedora-gcc 1.0 50.68 NOTE
r-devel-windows-ix86+x86_64 1.0 10.00 63.00 73.00 NOTE
r-patched-linux-x86_64 1.0 3.60 36.14 39.74 NOTE
r-patched-solaris-x86 1.0 107.50 NOTE
r-release-linux-x86_64 1.0 3.52 35.65 39.17 NOTE
r-release-macos-x86_64 1.0 ERROR
r-release-windows-ix86+x86_64 1.0 11.00 59.00 70.00 NOTE
r-oldrel-macos-x86_64 1.0 NOTE
r-oldrel-windows-ix86+x86_64 1.0 9.00 89.00 98.00 NOTE

Check Details

Version: 1.0
Check: R code for possible problems
Result: NOTE
    mainNetFunction: no visible global function definition for 'png'
    mainNetFunction: no visible global function definition for 'lines'
    mainNetFunction: no visible global function definition for 'legend'
    mainNetFunction: no visible global function definition for 'dev.off'
    plotROC: no visible global function definition for 'lines'
    simulatedData: no visible global function definition for 'rpois'
    simulatedData : <anonymous>: no visible global function definition for
     'rpois'
    simulatedData : rlognormpois: no visible global function definition for
     'rnorm'
    simulatedData : rlognormpois: no visible global function definition for
     'rpois'
    Undefined global functions or variables:
     dev.off legend lines png rnorm rpois
    Consider adding
     importFrom("grDevices", "dev.off", "png")
     importFrom("graphics", "legend", "lines")
     importFrom("stats", "rnorm", "rpois")
    to your NAMESPACE file.
Flavors: r-devel-linux-x86_64-debian-clang, r-devel-linux-x86_64-debian-gcc, r-devel-linux-x86_64-fedora-clang, r-devel-linux-x86_64-fedora-gcc, r-devel-windows-ix86+x86_64, r-patched-linux-x86_64, r-patched-solaris-x86, r-release-linux-x86_64, r-release-windows-ix86+x86_64

Version: 1.0
Check: whether package can be installed
Result: ERROR
    Installation failed.
Flavor: r-release-macos-x86_64

Version: 1.0
Check: R code for possible problems
Result: NOTE
    mainNetFunction: no visible global function definition for ‘png’
    mainNetFunction: no visible global function definition for ‘plot’
    mainNetFunction: no visible global function definition for ‘lines’
    mainNetFunction: no visible global function definition for ‘legend’
    mainNetFunction: no visible global function definition for ‘dev.off’
    plotPR: no visible global function definition for ‘plot’
    plotROC: no visible global function definition for ‘plot’
    plotROC: no visible global function definition for ‘lines’
    simulatedData: no visible global function definition for ‘rpois’
    simulatedData : <anonymous>: no visible global function definition for
     ‘rpois’
    simulatedData : rlognormpois: no visible global function definition for
     ‘rnorm’
    simulatedData : rlognormpois: no visible global function definition for
     ‘rpois’
    Undefined global functions or variables:
     dev.off legend lines plot png rnorm rpois
    Consider adding
     importFrom("grDevices", "dev.off", "png")
     importFrom("graphics", "legend", "lines", "plot")
     importFrom("stats", "rnorm", "rpois")
    to your NAMESPACE file.
Flavors: r-oldrel-macos-x86_64, r-oldrel-windows-ix86+x86_64