CRAN Package Check Results for Package symbolicDA

Last updated on 2019-09-17 09:48:21 CEST.

Flavor Version Tinstall Tcheck Ttotal Status Flags
r-devel-linux-x86_64-debian-clang 0.6-2 17.96 466.74 484.70 OK
r-devel-linux-x86_64-debian-gcc 0.6-2 OK
r-devel-linux-x86_64-fedora-clang 0.6-2 528.65 OK
r-devel-linux-x86_64-fedora-gcc 0.6-2 541.45 OK
r-devel-windows-ix86+x86_64 0.6-2 74.00 132.00 206.00 OK --no-examples --no-tests --no-vignettes
r-patched-linux-x86_64 0.6-2 17.14 436.69 453.83 OK
r-patched-solaris-x86 0.6-2 670.00 OK
r-release-linux-x86_64 0.6-2 16.14 442.10 458.24 OK
r-release-windows-ix86+x86_64 0.6-2 37.00 167.00 204.00 OK --no-examples --no-tests --no-vignettes
r-release-osx-x86_64 0.6-2 WARN
r-oldrel-windows-ix86+x86_64 0.5-3 44.00 148.00 192.00 OK --no-examples --no-tests --no-vignettes
r-oldrel-osx-x86_64 0.6-2 ERROR

Check Details

Version: 0.6-2
Check: whether package can be installed
Result: WARN
    Found the following significant warnings:
     Warning: 'rgl_init' failed, running with rgl.useNULL = TRUE
Flavor: r-release-osx-x86_64

Version: 0.6-2
Check: dependencies in R code
Result: NOTE
    No protocol specified
Flavor: r-release-osx-x86_64

Version: 0.6-2
Check: S3 generic/method consistency
Result: WARN
    No protocol specified
    See section ‘Generic functions and methods’ in the ‘Writing R
    Extensions’ manual.
Flavor: r-release-osx-x86_64

Version: 0.6-2
Check: replacement functions
Result: WARN
    No protocol specified
    The argument of a replacement function which corresponds to the right
    hand side must be named ‘value’.
Flavor: r-release-osx-x86_64

Version: 0.6-2
Check: foreign function calls
Result: NOTE
    No protocol specified
    See chapter ‘System and foreign language interfaces’ in the ‘Writing R
    Extensions’ manual.
Flavor: r-release-osx-x86_64

Version: 0.6-2
Check: R code for possible problems
Result: NOTE
    No protocol specified
Flavor: r-release-osx-x86_64

Version: 0.6-2
Check: for missing documentation entries
Result: WARN
    No protocol specified
    All user-level objects in a package should have documentation entries.
    See chapter ‘Writing R documentation files’ in the ‘Writing R
    Extensions’ manual.
Flavor: r-release-osx-x86_64

Version: 0.6-2
Check: for code/documentation mismatches
Result: WARN
    No protocol specified
    No protocol specified
    No protocol specified
Flavor: r-release-osx-x86_64

Version: 0.6-2
Check: Rd \usage sections
Result: NOTE
    No protocol specified
    The \usage entries for S3 methods should use the \method markup and not
    their full name.
    See chapter ‘Writing R documentation files’ in the ‘Writing R
    Extensions’ manual.
Flavor: r-release-osx-x86_64

Version: 0.6-2
Check: whether package can be installed
Result: ERROR
    Installation failed.
Flavor: r-oldrel-osx-x86_64