CRAN Package Check Results for Package sym.arma

Last updated on 2024-03-04 07:48:43 CET.

Flavor Version Tinstall Tcheck Ttotal Status Flags
r-devel-linux-x86_64-debian-clang 1.0 5.61 39.86 45.47 NOTE
r-devel-linux-x86_64-debian-gcc 1.0 4.00 29.46 33.46 NOTE
r-devel-linux-x86_64-fedora-clang 1.0 56.17 NOTE
r-devel-linux-x86_64-fedora-gcc 1.0 53.55 NOTE
r-devel-windows-x86_64 1.0 5.00 47.00 52.00 OK
r-patched-linux-x86_64 1.0 4.90 38.75 43.65 OK
r-release-linux-x86_64 1.0 6.41 38.90 45.31 OK
r-release-macos-arm64 1.0 20.00 OK
r-release-macos-x86_64 1.0 27.00 OK
r-release-windows-x86_64 1.0 8.00 50.00 58.00 OK
r-oldrel-macos-arm64 1.0 20.00 OK
r-oldrel-windows-x86_64 1.0 10.00 58.00 68.00 OK

Check Details

Version: 1.0
Check: Rd files
Result: NOTE checkRd: (-1) elliptical.ts.Rd:18: Lost braces; missing escapes or markup? 18 | \item{epsilon}{positive convergence tolerance \emph{e}; the iterations converge when |fit - fit_{old}|/|fit| < \emph{e}. Default is \emph{e=1e-04}.} | ^ Flavors: r-devel-linux-x86_64-debian-clang, r-devel-linux-x86_64-debian-gcc, r-devel-linux-x86_64-fedora-clang, r-devel-linux-x86_64-fedora-gcc