CRAN Package Check Results for Package sybilcycleFreeFlux

Last updated on 2021-11-29 20:50:58 CET.

Flavor Version Tinstall Tcheck Ttotal Status Flags
r-devel-linux-x86_64-debian-clang 2.0.2 9.94 83.94 93.88 NOTE
r-devel-linux-x86_64-debian-gcc 2.0.2 7.29 66.09 73.38 NOTE
r-devel-linux-x86_64-fedora-clang 2.0.2 140.26 NOTE
r-devel-linux-x86_64-fedora-gcc 2.0.2 115.43 NOTE
r-devel-windows-x86_64-new-UL 2.0.2 16.00 118.00 134.00 NOTE
r-devel-windows-x86_64-new-TK 2.0.2 NOTE
r-devel-windows-x86_64-old 2.0.2 15.00 82.00 97.00 NOTE
r-patched-linux-x86_64 2.0.2 12.08 90.12 102.20 NOTE
r-patched-solaris-x86 2.0.2 165.10 NOTE
r-release-linux-x86_64 2.0.2 9.94 82.96 92.90 NOTE
r-release-macos-arm64 2.0.2 NOTE
r-release-macos-x86_64 2.0.2 NOTE
r-release-windows-ix86+x86_64 2.0.2 21.00 79.00 100.00 NOTE
r-oldrel-macos-x86_64 2.0.2 NOTE
r-oldrel-windows-ix86+x86_64 2.0.2 15.00 109.00 124.00 NOTE

Check Details

Version: 2.0.2
Check: package dependencies
Result: NOTE
    Package suggested but not available for checking: 'cplexAPI'
Flavors: r-devel-linux-x86_64-debian-clang, r-devel-linux-x86_64-debian-gcc, r-devel-linux-x86_64-fedora-clang, r-devel-linux-x86_64-fedora-gcc, r-devel-windows-x86_64-new-UL, r-devel-windows-x86_64-new-TK, r-devel-windows-x86_64-old, r-patched-linux-x86_64, r-patched-solaris-x86, r-release-linux-x86_64, r-release-macos-arm64, r-release-macos-x86_64, r-release-windows-ix86+x86_64, r-oldrel-macos-x86_64, r-oldrel-windows-ix86+x86_64