CRAN Package Check Results for Package swmmr

Last updated on 2023-02-08 19:58:18 CET.

Flavor Version Tinstall Tcheck Ttotal Status Flags
r-devel-linux-x86_64-debian-clang 0.9.1 24.42 65.42 89.84 NOTE
r-devel-linux-x86_64-debian-gcc 0.9.1 16.15 50.25 66.40 NOTE
r-devel-linux-x86_64-fedora-clang 0.9.1 120.57 NOTE
r-devel-linux-x86_64-fedora-gcc 0.9.1 125.70 NOTE
r-devel-windows-x86_64 0.9.1 107.00 142.00 249.00 NOTE
r-patched-linux-x86_64 0.9.1 20.58 60.73 81.31 NOTE
r-release-linux-x86_64 0.9.1 16.24 61.83 78.07 NOTE
r-release-macos-arm64 0.9.1 34.00 NOTE
r-release-macos-x86_64 0.9.1 57.00 NOTE
r-release-windows-x86_64 0.9.1 98.00 126.00 224.00 NOTE
r-oldrel-macos-arm64 0.9.1 36.00 NOTE
r-oldrel-macos-x86_64 0.9.1 66.00 NOTE
r-oldrel-windows-ix86+x86_64 0.9.1 56.00 121.00 177.00 NOTE

Check Details

Version: 0.9.1
Check: LazyData
Result: NOTE
     'LazyData' is specified without a 'data' directory
Flavors: r-devel-linux-x86_64-debian-clang, r-devel-linux-x86_64-debian-gcc, r-devel-linux-x86_64-fedora-clang, r-devel-linux-x86_64-fedora-gcc, r-devel-windows-x86_64, r-patched-linux-x86_64, r-release-linux-x86_64, r-release-macos-arm64, r-release-macos-x86_64, r-release-windows-x86_64, r-oldrel-macos-arm64, r-oldrel-macos-x86_64, r-oldrel-windows-ix86+x86_64