CRAN Package Check Results for Package switchboard

Last updated on 2024-02-27 19:54:54 CET.

Flavor Version Tinstall Tcheck Ttotal Status Flags
r-devel-linux-x86_64-debian-clang 0.1 6.91 51.23 58.14 NOTE
r-devel-linux-x86_64-debian-gcc 0.1 5.08 38.94 44.02 NOTE
r-devel-linux-x86_64-fedora-clang 0.1 72.26 NOTE
r-devel-linux-x86_64-fedora-gcc 0.1 78.19 NOTE
r-devel-windows-x86_64 0.1 6.00 70.00 76.00 NOTE
r-patched-linux-x86_64 0.1 7.88 48.40 56.28 NOTE
r-release-linux-x86_64 0.1 4.33 47.47 51.80 NOTE
r-release-macos-arm64 0.1 32.00 NOTE
r-release-macos-x86_64 0.1 48.00 NOTE
r-release-windows-x86_64 0.1 6.00 74.00 80.00 NOTE
r-oldrel-macos-arm64 0.1 29.00 OK
r-oldrel-windows-x86_64 0.1 9.00 60.00 69.00 OK

Check Details

Version: 0.1
Check: package subdirectories
Result: NOTE Problems with news in ‘NEWS.md’: Cannot extract version info from the following section titles: pre-release switchboard (2020 - 2021) Flavors: r-devel-linux-x86_64-debian-clang, r-devel-linux-x86_64-debian-gcc, r-devel-linux-x86_64-fedora-clang, r-devel-linux-x86_64-fedora-gcc, r-devel-windows-x86_64, r-patched-linux-x86_64, r-release-linux-x86_64, r-release-macos-arm64, r-release-macos-x86_64, r-release-windows-x86_64