CRAN Package Check Results for Package swissdd

Last updated on 2020-05-29 10:47:36 CEST.

Flavor Version Tinstall Tcheck Ttotal Status Flags
r-devel-linux-x86_64-debian-clang 1.0.3 5.19 44.30 49.49 OK
r-devel-linux-x86_64-debian-gcc 1.0.3 3.97 33.81 37.78 OK
r-devel-linux-x86_64-fedora-clang 1.0.3 60.73 NOTE
r-devel-linux-x86_64-fedora-gcc 1.0.3 57.54 NOTE
r-devel-windows-ix86+x86_64 1.0.3 19.00 183.00 202.00 OK
r-patched-linux-x86_64 1.0.3 4.31 43.53 47.84 OK
r-patched-solaris-x86 1.0.3 75.90 NOTE
r-release-linux-x86_64 1.0.3 4.94 43.24 48.18 OK
r-release-osx-x86_64 1.0.3 NOTE
r-release-windows-ix86+x86_64 1.0.3 13.00 90.00 103.00 OK
r-oldrel-osx-x86_64 1.0.3 NOTE
r-oldrel-windows-ix86+x86_64 1.0.3 10.00 68.00 78.00 OK

Check Details

Version: 1.0.3
Check: dependencies in R code
Result: NOTE
    Namespaces in Imports field not imported from:
     ‘curl’ ‘magrittr’
     All declared Imports should be used.
Flavors: r-devel-linux-x86_64-fedora-clang, r-devel-linux-x86_64-fedora-gcc, r-patched-solaris-x86, r-release-osx-x86_64, r-oldrel-osx-x86_64