CRAN Package Check Results for Package swissdd

Last updated on 2019-11-17 09:47:49 CET.

Flavor Version Tinstall Tcheck Ttotal Status Flags
r-devel-linux-x86_64-debian-clang 1.0.1 4.27 33.17 37.44 OK
r-devel-linux-x86_64-debian-gcc 1.0.1 3.53 25.37 28.90 OK
r-devel-linux-x86_64-fedora-clang 1.0.1 44.14 NOTE
r-devel-linux-x86_64-fedora-gcc 1.0.1 43.88 NOTE
r-devel-windows-ix86+x86_64 1.0.1 23.00 63.00 86.00 OK
r-patched-linux-x86_64 1.0.1 3.36 30.96 34.32 OK
r-patched-solaris-x86 1.0.1 67.70 NOTE
r-release-linux-x86_64 1.0.1 4.19 31.30 35.49 OK
r-release-windows-ix86+x86_64 1.0.1 10.00 65.00 75.00 OK
r-release-osx-x86_64 1.0.1 NOTE
r-oldrel-windows-ix86+x86_64 1.0.1 7.00 64.00 71.00 OK
r-oldrel-osx-x86_64 1.0.1 NOTE

Check Details

Version: 1.0.1
Check: dependencies in R code
Result: NOTE
    Namespaces in Imports field not imported from:
     ‘curl’ ‘magrittr’
     All declared Imports should be used.
Flavors: r-devel-linux-x86_64-fedora-clang, r-devel-linux-x86_64-fedora-gcc, r-patched-solaris-x86, r-release-osx-x86_64, r-oldrel-osx-x86_64