CRAN Package Check Results for Package swa

Last updated on 2023-09-23 20:53:17 CEST.

Flavor Version Tinstall Tcheck Ttotal Status Flags
r-devel-linux-x86_64-debian-clang 0.8.1 6.01 56.46 62.47 NOTE
r-devel-linux-x86_64-debian-gcc 0.8.1 4.23 42.06 46.29 NOTE
r-devel-linux-x86_64-fedora-clang 0.8.1 77.50 NOTE
r-devel-linux-x86_64-fedora-gcc 0.8.1 74.20 NOTE
r-devel-windows-x86_64 0.8.1 7.00 66.00 73.00 NOTE
r-patched-linux-x86_64 0.8.1 6.51 52.84 59.35 NOTE
r-release-linux-x86_64 0.8.1 5.84 53.25 59.09 NOTE
r-release-macos-arm64 0.8.1 29.00 NOTE
r-release-macos-x86_64 0.8.1 43.00 NOTE
r-release-windows-x86_64 0.8.1 8.00 71.00 79.00 NOTE
r-oldrel-macos-arm64 0.8.1 28.00 NOTE
r-oldrel-macos-x86_64 0.8.1 51.00 NOTE
r-oldrel-windows-x86_64 0.8.1 9.00 75.00 84.00 NOTE

Check Details

Version: 0.8.1
Check: LazyData
Result: NOTE
     'LazyData' is specified without a 'data' directory
Flavors: r-devel-linux-x86_64-debian-clang, r-devel-linux-x86_64-debian-gcc, r-devel-linux-x86_64-fedora-clang, r-devel-linux-x86_64-fedora-gcc, r-devel-windows-x86_64, r-patched-linux-x86_64, r-release-linux-x86_64, r-release-macos-arm64, r-release-macos-x86_64, r-release-windows-x86_64, r-oldrel-macos-arm64, r-oldrel-macos-x86_64, r-oldrel-windows-x86_64