CRAN Package Check Results for Package svgViewR

Last updated on 2020-09-24 20:47:02 CEST.

Flavor Version Tinstall Tcheck Ttotal Status Flags
r-devel-linux-x86_64-debian-clang 1.4 26.92 66.25 93.17 NOTE
r-devel-linux-x86_64-debian-gcc 1.4 21.53 49.53 71.06 NOTE
r-devel-linux-x86_64-fedora-clang 1.4 148.90 NOTE
r-devel-linux-x86_64-fedora-gcc 1.4 113.24 NOTE
r-devel-windows-ix86+x86_64 1.4 62.00 84.00 146.00 OK
r-patched-linux-x86_64 1.4 23.36 62.36 85.72 OK
r-patched-solaris-x86 1.4 121.70 OK
r-release-linux-x86_64 1.4 23.10 61.81 84.91 OK
r-release-macos-x86_64 1.4 OK
r-release-windows-ix86+x86_64 1.4 51.00 102.00 153.00 OK
r-oldrel-macos-x86_64 1.4 OK
r-oldrel-windows-ix86+x86_64 1.4 39.00 95.00 134.00 OK

Check Details

Version: 1.4
Check: R code for possible problems
Result: NOTE
    Possibly missing '()' after 'return' in the following function:
     'cprod_svg'
Flavors: r-devel-linux-x86_64-debian-clang, r-devel-linux-x86_64-debian-gcc, r-devel-linux-x86_64-fedora-clang, r-devel-linux-x86_64-fedora-gcc